{"id":6886,"date":"2025-01-20T15:31:25","date_gmt":"2025-01-20T14:31:25","guid":{"rendered":"https:\/\/djurskyddet.flywheelsites.com\/ungdom\/?post_type=event&#038;p=6886"},"modified":"2025-01-20T15:32:23","modified_gmt":"2025-01-20T14:32:23","slug":"forbundsstamma","status":"publish","type":"event","link":"https:\/\/www.djurskyddet.se\/ungdom\/kalender\/forbundsstamma\/","title":{"rendered":"F\u00f6rbundsst\u00e4mma"},"content":{"rendered":"\n<p>Den 17 maj \u00e4r det dags f\u00f6r den \u00e5rliga st\u00e4mman! Save the date redan nu \ud83d\ude42 <\/p>\n","protected":false},"author":28,"featured_media":0,"menu_order":0,"template":"","meta":{"_acf_changed":false},"event_cat":[],"class_list":["post-6886","event","type-event","status-publish","hentry"],"acf":[],"_links":{"self":[{"href":"https:\/\/www.djurskyddet.se\/ungdom\/wp-json\/wp\/v2\/event\/6886","targetHints":{"allow":["GET"]}}],"collection":[{"href":"https:\/\/www.djurskyddet.se\/ungdom\/wp-json\/wp\/v2\/event"}],"about":[{"href":"https:\/\/www.djurskyddet.se\/ungdom\/wp-json\/wp\/v2\/types\/event"}],"author":[{"embeddable":true,"href":"https:\/\/www.djurskyddet.se\/ungdom\/wp-json\/wp\/v2\/users\/28"}],"wp:attachment":[{"href":"https:\/\/www.djurskyddet.se\/ungdom\/wp-json\/wp\/v2\/media?parent=6886"}],"wp:term":[{"taxonomy":"event_cat","embeddable":true,"href":"https:\/\/www.djurskyddet.se\/ungdom\/wp-json\/wp\/v2\/event_cat?post=6886"}],"curies":[{"name":"wp","href":"https:\/\/api.w.org\/{rel}","templated":true}]}}

Förbundsstämma

<p>Den 17 maj är det dags för den årliga stämman! Save the date redan nu 🙂 </p>
