{"id":6919,"date":"2025-01-23T14:23:03","date_gmt":"2025-01-23T13:23:03","guid":{"rendered":"https:\/\/djurskyddet.flywheelsites.com\/ungdom\/?post_type=event&#038;p=6919"},"modified":"2025-08-06T08:33:57","modified_gmt":"2025-08-06T07:33:57","slug":"djurens-helg","status":"publish","type":"event","link":"https:\/\/www.djurskyddet.se\/ungdom\/kalender\/djurens-helg\/","title":{"rendered":"Djurens helg"},"content":{"rendered":"\n<p>En helg p\u00e5 Solvalla d\u00e4r vi st\u00e5r som utst\u00e4llare tillsammans med Djurskyddet Sverige. Kom och s\u00e4g hej!<\/p>\n","protected":false},"author":28,"featured_media":7309,"menu_order":0,"template":"","meta":{"_acf_changed":false},"event_cat":[],"class_list":["post-6919","event","type-event","status-publish","has-post-thumbnail","hentry"],"acf":[],"_links":{"self":[{"href":"https:\/\/www.djurskyddet.se\/ungdom\/wp-json\/wp\/v2\/event\/6919","targetHints":{"allow":["GET"]}}],"collection":[{"href":"https:\/\/www.djurskyddet.se\/ungdom\/wp-json\/wp\/v2\/event"}],"about":[{"href":"https:\/\/www.djurskyddet.se\/ungdom\/wp-json\/wp\/v2\/types\/event"}],"author":[{"embeddable":true,"href":"https:\/\/www.djurskyddet.se\/ungdom\/wp-json\/wp\/v2\/users\/28"}],"wp:featuredmedia":[{"embeddable":true,"href":"https:\/\/www.djurskyddet.se\/ungdom\/wp-json\/wp\/v2\/media\/7309"}],"wp:attachment":[{"href":"https:\/\/www.djurskyddet.se\/ungdom\/wp-json\/wp\/v2\/media?parent=6919"}],"wp:term":[{"taxonomy":"event_cat","embeddable":true,"href":"https:\/\/www.djurskyddet.se\/ungdom\/wp-json\/wp\/v2\/event_cat?post=6919"}],"curies":[{"name":"wp","href":"https:\/\/api.w.org\/{rel}","templated":true}]}}

<p>En helg på Solvalla där vi står som utställare tillsammans med Djurskyddet Sverige. Kom och säg hej!</p>
