{"id":7272,"date":"2025-05-27T10:11:08","date_gmt":"2025-05-27T09:11:08","guid":{"rendered":"https:\/\/www.djurskyddet.se\/ungdom\/?post_type=event&#038;p=7272"},"modified":"2025-05-27T10:11:47","modified_gmt":"2025-05-27T09:11:47","slug":"jarvaveckan","status":"publish","type":"event","link":"https:\/\/www.djurskyddet.se\/ungdom\/kalender\/jarvaveckan\/","title":{"rendered":"J\u00e4rvaveckan"},"content":{"rendered":"\n<p>I \u00e5r kommer vi bes\u00f6ka J\u00e4rvaveckan igen och mingla bland makthavare och andra organisationer. Det blev en succ\u00e9 sist vi var d\u00e4r med m\u00e5nga h\u00e4rliga m\u00f6ten!<\/p>\n\n\n\n<p>Den<strong>&nbsp;11-14 juni<\/strong>&nbsp;\u00e4r det dags f\u00f6r \u00e5rets upplaga av J\u00e4rvaveckan i Sp\u00e5nga utanf\u00f6r Stockholm. Vill du h\u00e4nga med och prata djurskydd med oss? H\u00f6r av dig s\u00e5 ber\u00e4ttar vi mer!&nbsp;<\/p>\n\n\n\n<p><a href=\"mailto:?ungdom@djurskyddet.se\" target=\"_blank\" rel=\"noreferrer noopener\">ungdom@djurskyddet.se<\/a><\/p>\n","protected":false},"author":3,"featured_media":0,"menu_order":0,"template":"","meta":{"_acf_changed":false},"event_cat":[],"class_list":["post-7272","event","type-event","status-publish","hentry"],"acf":[],"_links":{"self":[{"href":"https:\/\/www.djurskyddet.se\/ungdom\/wp-json\/wp\/v2\/event\/7272","targetHints":{"allow":["GET"]}}],"collection":[{"href":"https:\/\/www.djurskyddet.se\/ungdom\/wp-json\/wp\/v2\/event"}],"about":[{"href":"https:\/\/www.djurskyddet.se\/ungdom\/wp-json\/wp\/v2\/types\/event"}],"author":[{"embeddable":true,"href":"https:\/\/www.djurskyddet.se\/ungdom\/wp-json\/wp\/v2\/users\/3"}],"wp:attachment":[{"href":"https:\/\/www.djurskyddet.se\/ungdom\/wp-json\/wp\/v2\/media?parent=7272"}],"wp:term":[{"taxonomy":"event_cat","embeddable":true,"href":"https:\/\/www.djurskyddet.se\/ungdom\/wp-json\/wp\/v2\/event_cat?post=7272"}],"curies":[{"name":"wp","href":"https:\/\/api.w.org\/{rel}","templated":true}]}}

Järvaveckan

<p>I år kommer vi besöka Järvaveckan igen och mingla bland makthavare och andra organisationer. Det blev en succé sist vi var där med många härliga möten!</p>



<p>Den<strong>&nbsp;11-14 juni</strong>&nbsp;är det dags för årets upplaga av Järvaveckan i Spånga utanför Stockholm. Vill du hänga med och prata djurskydd med oss? Hör av dig så berättar vi mer!&nbsp;</p>



<p><a href="mailto:?ungdom@djurskyddet.se" target="_blank" rel="noreferrer noopener">ungdom@djurskyddet.se</a></p>
