{"id":7475,"date":"2026-02-18T09:58:13","date_gmt":"2026-02-18T08:58:13","guid":{"rendered":"https:\/\/www.djurskyddet.se\/ungdom\/?post_type=event&#038;p=7475"},"modified":"2026-02-18T09:58:14","modified_gmt":"2026-02-18T08:58:14","slug":"arsmote-djurskyddet-ungdom-strangnas","status":"publish","type":"event","link":"https:\/\/www.djurskyddet.se\/ungdom\/kalender\/arsmote-djurskyddet-ungdom-strangnas\/","title":{"rendered":"\u00c5rsm\u00f6te Djurskyddet Ungdom Str\u00e4ngn\u00e4s"},"content":{"rendered":"\n<p>Varmt v\u00e4lkommen p\u00e5 \u00e5rsm\u00f6te med Djurskyddet Ungdom Str\u00e4ngn\u00e4s! \ud83c\udf89<\/p>\n\n\n\n<p>N\u00e4r? M\u00e5ndagen den 16 mars kl. 18:30 &#8211; 19:30<\/p>\n\n\n\n<p>Var? Digitalt via teams<\/p>\n\n\n\n<p>Anm\u00e4lan: Du anm\u00e4ler dig till \u00e5rsm\u00f6tet genom att mejla till ungdom@djurskyddet.se<\/p>\n\n\n\n<p>Senast den 13 mars beh\u00f6ver vi din anm\u00e4lan.<\/p>\n","protected":false},"author":3,"featured_media":0,"menu_order":0,"template":"","meta":{"_acf_changed":false},"event_cat":[],"class_list":["post-7475","event","type-event","status-publish","hentry"],"acf":[],"_links":{"self":[{"href":"https:\/\/www.djurskyddet.se\/ungdom\/wp-json\/wp\/v2\/event\/7475","targetHints":{"allow":["GET"]}}],"collection":[{"href":"https:\/\/www.djurskyddet.se\/ungdom\/wp-json\/wp\/v2\/event"}],"about":[{"href":"https:\/\/www.djurskyddet.se\/ungdom\/wp-json\/wp\/v2\/types\/event"}],"author":[{"embeddable":true,"href":"https:\/\/www.djurskyddet.se\/ungdom\/wp-json\/wp\/v2\/users\/3"}],"wp:attachment":[{"href":"https:\/\/www.djurskyddet.se\/ungdom\/wp-json\/wp\/v2\/media?parent=7475"}],"wp:term":[{"taxonomy":"event_cat","embeddable":true,"href":"https:\/\/www.djurskyddet.se\/ungdom\/wp-json\/wp\/v2\/event_cat?post=7475"}],"curies":[{"name":"wp","href":"https:\/\/api.w.org\/{rel}","templated":true}]}}

Årsmöte Djurskyddet Ungdom Strängnäs

<p>Varmt välkommen på årsmöte med Djurskyddet Ungdom Strängnäs! 🎉</p>



<p>När? Måndagen den 16 mars kl. 18:30 &#8211; 19:30</p>



<p>Var? Digitalt via teams</p>



<p>Anmälan: Du anmäler dig till årsmötet genom att mejla till ungdom@djurskyddet.se</p>



<p>Senast den 13 mars behöver vi din anmälan.</p>
