{"id":7476,"date":"2026-02-18T09:59:16","date_gmt":"2026-02-18T08:59:16","guid":{"rendered":"https:\/\/www.djurskyddet.se\/ungdom\/?post_type=event&#038;p=7476"},"modified":"2026-02-18T09:59:17","modified_gmt":"2026-02-18T08:59:17","slug":"arsmote-djurskyddet-ungdom-malmo","status":"publish","type":"event","link":"https:\/\/www.djurskyddet.se\/ungdom\/kalender\/arsmote-djurskyddet-ungdom-malmo\/","title":{"rendered":"\u00c5rsm\u00f6te Djurskyddet Ungdom Malm\u00f6"},"content":{"rendered":"\n<p>Varmt v\u00e4lkommen p\u00e5 \u00e5rsm\u00f6te med Djurskyddet Ungdom Malm\u00f6! \ud83c\udf89<\/p>\n\n\n\n<p>N\u00e4r? Onsdagen den 11 mars kl. 17:00 &#8211; 18:00<\/p>\n\n\n\n<p>Var? Digitalt via teams<\/p>\n\n\n\n<p>Anm\u00e4lan: Du anm\u00e4ler dig till \u00e5rsm\u00f6tet genom att mejla till isabella.jonsson_gonzalez@djurskyddet.se<\/p>\n\n\n\n<p>Senast den 9 mars beh\u00f6ver vi din anm\u00e4lan.<\/p>\n\n\n\n<p><\/p>\n","protected":false},"author":3,"featured_media":0,"menu_order":0,"template":"","meta":{"_acf_changed":false},"event_cat":[],"class_list":["post-7476","event","type-event","status-publish","hentry"],"acf":[],"_links":{"self":[{"href":"https:\/\/www.djurskyddet.se\/ungdom\/wp-json\/wp\/v2\/event\/7476","targetHints":{"allow":["GET"]}}],"collection":[{"href":"https:\/\/www.djurskyddet.se\/ungdom\/wp-json\/wp\/v2\/event"}],"about":[{"href":"https:\/\/www.djurskyddet.se\/ungdom\/wp-json\/wp\/v2\/types\/event"}],"author":[{"embeddable":true,"href":"https:\/\/www.djurskyddet.se\/ungdom\/wp-json\/wp\/v2\/users\/3"}],"wp:attachment":[{"href":"https:\/\/www.djurskyddet.se\/ungdom\/wp-json\/wp\/v2\/media?parent=7476"}],"wp:term":[{"taxonomy":"event_cat","embeddable":true,"href":"https:\/\/www.djurskyddet.se\/ungdom\/wp-json\/wp\/v2\/event_cat?post=7476"}],"curies":[{"name":"wp","href":"https:\/\/api.w.org\/{rel}","templated":true}]}}

Årsmöte Djurskyddet Ungdom Malmö

<p>Varmt välkommen på årsmöte med Djurskyddet Ungdom Malmö! 🎉</p>



<p>När? Onsdagen den 11 mars kl. 17:00 &#8211; 18:00</p>



<p>Var? Digitalt via teams</p>



<p>Anmälan: Du anmäler dig till årsmötet genom att mejla till isabella.jonsson_gonzalez@djurskyddet.se</p>



<p>Senast den 9 mars behöver vi din anmälan.</p>



<p></p>
