{"id":7478,"date":"2026-02-18T10:05:22","date_gmt":"2026-02-18T09:05:22","guid":{"rendered":"https:\/\/www.djurskyddet.se\/ungdom\/?post_type=event&#038;p=7478"},"modified":"2026-02-19T16:23:43","modified_gmt":"2026-02-19T15:23:43","slug":"valkommen-pa-arets-stamma","status":"publish","type":"event","link":"https:\/\/www.djurskyddet.se\/ungdom\/kalender\/valkommen-pa-arets-stamma\/","title":{"rendered":"V\u00e4lkommen p\u00e5 \u00e5rets st\u00e4mma!"},"content":{"rendered":"\n<p>Den\u00a0<strong>22 maj<\/strong>\u00a0\u00e4r det dags f\u00f6r \u00e5rets st\u00e4mma och vi vill att just\u00a0<strong>DU<\/strong>\u00a0kommer. Djurskyddet Ungdom bjuder in till en fullsp\u00e4ckad dag p\u00e5 v\u00e5rt kansli i Hammarby Sj\u00f6stad i Stockholm.\ud83c\udf89<\/p>\n","protected":false},"author":3,"featured_media":0,"menu_order":0,"template":"","meta":{"_acf_changed":false},"event_cat":[],"class_list":["post-7478","event","type-event","status-publish","hentry"],"acf":[],"_links":{"self":[{"href":"https:\/\/www.djurskyddet.se\/ungdom\/wp-json\/wp\/v2\/event\/7478","targetHints":{"allow":["GET"]}}],"collection":[{"href":"https:\/\/www.djurskyddet.se\/ungdom\/wp-json\/wp\/v2\/event"}],"about":[{"href":"https:\/\/www.djurskyddet.se\/ungdom\/wp-json\/wp\/v2\/types\/event"}],"author":[{"embeddable":true,"href":"https:\/\/www.djurskyddet.se\/ungdom\/wp-json\/wp\/v2\/users\/3"}],"wp:attachment":[{"href":"https:\/\/www.djurskyddet.se\/ungdom\/wp-json\/wp\/v2\/media?parent=7478"}],"wp:term":[{"taxonomy":"event_cat","embeddable":true,"href":"https:\/\/www.djurskyddet.se\/ungdom\/wp-json\/wp\/v2\/event_cat?post=7478"}],"curies":[{"name":"wp","href":"https:\/\/api.w.org\/{rel}","templated":true}]}}

Välkommen på årets stämma!

<p>Den <strong>22 maj</strong> är det dags för årets stämma och vi vill att just <strong>DU</strong> kommer. Djurskyddet Ungdom bjuder in till en fullspäckad dag på vårt kansli i Hammarby Sjöstad i Stockholm.🎉</p>
