{"id":7492,"date":"2026-02-25T10:29:26","date_gmt":"2026-02-25T09:29:26","guid":{"rendered":"https:\/\/www.djurskyddet.se\/ungdom\/?post_type=event&#038;p=7492"},"modified":"2026-02-25T10:29:27","modified_gmt":"2026-02-25T09:29:27","slug":"arsmote-djurskyddet-ungdom-umea","status":"publish","type":"event","link":"https:\/\/www.djurskyddet.se\/ungdom\/kalender\/arsmote-djurskyddet-ungdom-umea\/","title":{"rendered":"\u00c5rsm\u00f6te Djurskyddet Ungdom Ume\u00e5"},"content":{"rendered":"\n<p>Varmt v\u00e4lkommen p\u00e5 \u00e5rsm\u00f6te med Djurskyddet Ungdom Ume\u00e5! \ud83c\udf89<\/p>\n\n\n\n<p>N\u00e4r? Tisdagen den 10 mars kl. 18:00 &#8211; 19:00<\/p>\n\n\n\n<p>Var? Digitalt via teams<\/p>\n\n\n\n<p>Anm\u00e4lan: Du anm\u00e4ler dig till \u00e5rsm\u00f6tet genom att mejla till ungdom@djurskyddet.se<\/p>\n\n\n\n<p>Senast den 8 mars beh\u00f6ver vi din anm\u00e4lan.<\/p>\n\n\n\n<p>Hoppas att vi ses! Tillsammans g\u00f6r vi skillnad f\u00f6r djuren \ud83d\udc9a<\/p>\n","protected":false},"author":3,"featured_media":0,"menu_order":0,"template":"","meta":{"_acf_changed":false},"event_cat":[28],"class_list":["post-7492","event","type-event","status-publish","hentry","event_cat-kalender"],"acf":[],"_links":{"self":[{"href":"https:\/\/www.djurskyddet.se\/ungdom\/wp-json\/wp\/v2\/event\/7492","targetHints":{"allow":["GET"]}}],"collection":[{"href":"https:\/\/www.djurskyddet.se\/ungdom\/wp-json\/wp\/v2\/event"}],"about":[{"href":"https:\/\/www.djurskyddet.se\/ungdom\/wp-json\/wp\/v2\/types\/event"}],"author":[{"embeddable":true,"href":"https:\/\/www.djurskyddet.se\/ungdom\/wp-json\/wp\/v2\/users\/3"}],"wp:attachment":[{"href":"https:\/\/www.djurskyddet.se\/ungdom\/wp-json\/wp\/v2\/media?parent=7492"}],"wp:term":[{"taxonomy":"event_cat","embeddable":true,"href":"https:\/\/www.djurskyddet.se\/ungdom\/wp-json\/wp\/v2\/event_cat?post=7492"}],"curies":[{"name":"wp","href":"https:\/\/api.w.org\/{rel}","templated":true}]}}

Årsmöte Djurskyddet Ungdom Umeå

<p>Varmt välkommen på årsmöte med Djurskyddet Ungdom Umeå! 🎉</p>



<p>När? Tisdagen den 10 mars kl. 18:00 &#8211; 19:00</p>



<p>Var? Digitalt via teams</p>



<p>Anmälan: Du anmäler dig till årsmötet genom att mejla till ungdom@djurskyddet.se</p>



<p>Senast den 8 mars behöver vi din anmälan.</p>



<p>Hoppas att vi ses! Tillsammans gör vi skillnad för djuren 💚</p>
