{"id":5572,"date":"2019-01-11T10:18:17","date_gmt":"2019-01-11T10:18:17","guid":{"rendered":"https:\/\/djurskyddet.flywheelsites.com\/ungdom\/?page_id=5572"},"modified":"2026-01-07T15:34:22","modified_gmt":"2026-01-07T14:34:22","slug":"bli-medlem","status":"publish","type":"page","link":"https:\/\/www.djurskyddet.se\/ungdom\/bli-medlem\/","title":{"rendered":"Bli medlem \/ F\u00f6rnya"},"content":{"rendered":"\n<p>Du som \u00e4r under 30 \u00e5r \u00e4r hj\u00e4rtligt v\u00e4lkommen att bli medlem i Djurskyddet Ungdom. \ud83d\udc9a<\/p>\n\n\n\n<p><strong>Medlemskapet \u00e4r helt gratis<\/strong> och du registrerar dig via l\u00e4nken nedan. Samma l\u00e4nk anv\u00e4nds \u00e4ven om du har varit medlem tidigare och vill f\u00f6rnya ditt medlemskap. <strong>\ud83d\udcab<\/strong><\/p>\n\n\n\n<p>N\u00e4r du registrerar dig sparar Djurskyddet Sverige dina uppgifter i v\u00e5rt register och kan kontakta dig med information och utskick om Djurskyddet Ungdom, l\u00e4s v\u00e5r integritetspolicy. N\u00e4r du registrerar dig sorteras du in i den av Djurskyddet Ungdoms lokalf\u00f6reningar som ligger geografiskt n\u00e4rmast dig. Kontakta oss om du har \u00f6nskem\u00e5l om att vara med i en annan lokalf\u00f6rening. <\/p>\n\n\n\n<div class=\"wp-block-buttons is-layout-flex wp-block-buttons-is-layout-flex\">\n<div class=\"wp-block-button\"><a class=\"wp-block-button__link wp-element-button\" href=\"https:\/\/medlem.djurskyddetungdom.se\/s\/\"><strong>Bli medlem<\/strong> \/ <strong>f\u00f6rnya h\u00e4r!<\/strong><\/a><\/div>\n<\/div>\n\n\n\n<hr class=\"wp-block-separator has-text-color has-ljusgron-color has-alpha-channel-opacity has-ljusgron-background-color has-background\"\/>\n\n\n\n<p><strong>Har du n\u00e5gra fr\u00e5gor?<\/strong> Skicka ett mail till <em><strong>ungdom@djurskyddet.se<\/strong><\/em>, s\u00e5 l\u00f6ser vi det!<\/p>\n\n\n\n<p><strong>\u00c4r du \u00f6ver 30 \u00e5r<\/strong> kan du ist\u00e4llet bli medlem i en av Djurskyddets lokalf\u00f6reningar eller direkt i riksf\u00f6rbundet Djurskyddet Sverige<\/p>\n\n\n\n<p><a href=\"https:\/\/www.djurskyddet.se\/stod-oss\/bli-medlem\/\" target=\"_blank\" rel=\"noreferrer noopener\">L\u00e4s mer h\u00e4r<\/a><\/p>\n\n\n\n<p><\/p>\n","protected":false},"excerpt":{"rendered":"<p>Du som \u00e4r under 30 \u00e5r \u00e4r hj\u00e4rtligt v\u00e4lkommen att bli medlem i Djurskyddet Ungdom. \ud83d\udc9a Medlemskapet \u00e4r helt gratis och du registrerar dig via l\u00e4nken nedan. Samma l\u00e4nk anv\u00e4nds \u00e4ven om du har varit medlem tidigare och vill f\u00f6rnya ditt medlemskap. \ud83d\udcab N\u00e4r du registrerar dig sparar Djurskyddet Sverige dina uppgifter i v\u00e5rt register [&hellip;]<\/p>\n","protected":false},"author":3,"featured_media":7051,"parent":0,"menu_order":0,"comment_status":"closed","ping_status":"closed","template":"page-templates\/page-full-width-image.php","meta":{"_acf_changed":false,"footnotes":""},"class_list":["post-5572","page","type-page","status-publish","has-post-thumbnail","hentry"],"acf":[],"_links":{"self":[{"href":"https:\/\/www.djurskyddet.se\/ungdom\/wp-json\/wp\/v2\/pages\/5572","targetHints":{"allow":["GET"]}}],"collection":[{"href":"https:\/\/www.djurskyddet.se\/ungdom\/wp-json\/wp\/v2\/pages"}],"about":[{"href":"https:\/\/www.djurskyddet.se\/ungdom\/wp-json\/wp\/v2\/types\/page"}],"author":[{"embeddable":true,"href":"https:\/\/www.djurskyddet.se\/ungdom\/wp-json\/wp\/v2\/users\/3"}],"replies":[{"embeddable":true,"href":"https:\/\/www.djurskyddet.se\/ungdom\/wp-json\/wp\/v2\/comments?post=5572"}],"version-history":[{"count":18,"href":"https:\/\/www.djurskyddet.se\/ungdom\/wp-json\/wp\/v2\/pages\/5572\/revisions"}],"predecessor-version":[{"id":7455,"href":"https:\/\/www.djurskyddet.se\/ungdom\/wp-json\/wp\/v2\/pages\/5572\/revisions\/7455"}],"wp:featuredmedia":[{"embeddable":true,"href":"https:\/\/www.djurskyddet.se\/ungdom\/wp-json\/wp\/v2\/media\/7051"}],"wp:attachment":[{"href":"https:\/\/www.djurskyddet.se\/ungdom\/wp-json\/wp\/v2\/media?parent=5572"}],"curies":[{"name":"wp","href":"https:\/\/api.w.org\/{rel}","templated":true}]}}