{"id":6097,"date":"2022-06-09T14:30:54","date_gmt":"2022-06-09T13:30:54","guid":{"rendered":"https:\/\/djurskyddet.flywheelsites.com\/ungdom\/?page_id=6097"},"modified":"2026-01-20T15:46:36","modified_gmt":"2026-01-20T14:46:36","slug":"kansli","status":"publish","type":"page","link":"https:\/\/www.djurskyddet.se\/ungdom\/kansli\/","title":{"rendered":"Kansli"},"content":{"rendered":"\n<div class=\"person my-3 bg-secondary border-thin\">\n\t<div class=\"row\">\n\t\t\t\t<div class=\"col-md-3 d-flex flex-wrap align-content-center justify-content-center\">\n\t\t\t<div>\n\t\t\t\t<img loading=\"lazy\" decoding=\"async\" width=\"150\" height=\"150\" src=\"https:\/\/www.djurskyddet.se\/ungdom\/wp-content\/uploads\/sites\/30\/2022\/06\/christel-150x150.jpeg\" class=\"rounded-circle object-fit-cover mb-3 mb-md-0\" alt=\"\" srcset=\"https:\/\/www.djurskyddet.se\/ungdom\/wp-content\/uploads\/sites\/30\/2022\/06\/christel-150x150.jpeg 150w, https:\/\/www.djurskyddet.se\/ungdom\/wp-content\/uploads\/sites\/30\/2022\/06\/christel-300x300.jpeg 300w\" sizes=\"auto, (max-width: 150px) 100vw, 150px\" \/>\t\t\t<\/div>\n\t\t<\/div>\n\t\t\t\t<div class=\"col-md-9 d-flex align-content-center flex-wrap ps-md-3\">\n\t\t\t<div>\n\t\t\t\t<h3 class=\"m-0\">Christel Bertling Szytek<\/h3>\n\t\t\t\t<div class=\"text-primary mb-1\">Verksamhetsansvarig Djurskyddet Ungdom<\/div>\n\t\t\t\t<div><\/div>\n\t\t\t\t<div class=\"mb-1\">\n\t\t\t\t\t\t\t\t\t\t<div>\n\t\t\t\t\t<i class=\"fa-solid fa-envelope text-primary me-1\"><\/i>\n\t\t\t\t\t\tchristel.bertling@djurskyddet.se \n\t\t\t\t\t<\/div>\n\t\t\t\t\t\t\t\t\t\t\t\t\t\t\t\t<div>\n\t\t\t\t\t<i class=\"fa-solid fa-phone text-primary me-1\"><\/i>\n\t\t\t\t\t\t070-290 54 66\t\t\t\t\t\t<\/div>\n\t\t\t\t\t\t\t\t\t<\/div>\n\t\t\t<\/div>\n\t\t<\/div>\n\t\t\n\t\t<div class=\"col-md-12 mt-4\">\n\t\n\t\t\t\n\t\t<p><b>Arbetsuppgifter<\/b><br \/>\r\nJag arbetar som verksamhetsansvarig f\u00f6r Djurskyddet Sveriges ungdomsorganisation Djurskyddet Ungdom. \u00c4r du under 30 \u00e5r och vill engagera dig f\u00f6r djuren? Kontakta mig!<br \/>\r\n<br \/>\r\n\u2013 Jag har alltid haft djur omkring mig och \u00e4r uppvuxen med katter, hundar och fiskar! <\/p> \n\t  \n\t\t\t\t\t<\/div>\n\t\t\n\t<\/div>\n<\/div>\n\n\n<div class=\"person my-3 bg-secondary border-thin\">\n\t<div class=\"row\">\n\t\t\t\t<div class=\"col-md-3 d-flex flex-wrap align-content-center justify-content-center\">\n\t\t\t<div>\n\t\t\t\t<img loading=\"lazy\" decoding=\"async\" width=\"150\" height=\"150\" src=\"https:\/\/www.djurskyddet.se\/ungdom\/wp-content\/uploads\/sites\/30\/2025\/05\/Lina-Johnsson-150x150.jpg\" class=\"rounded-circle object-fit-cover mb-3 mb-md-0\" alt=\"\" srcset=\"https:\/\/www.djurskyddet.se\/ungdom\/wp-content\/uploads\/sites\/30\/2025\/05\/Lina-Johnsson-150x150.jpg 150w, https:\/\/www.djurskyddet.se\/ungdom\/wp-content\/uploads\/sites\/30\/2025\/05\/Lina-Johnsson-600x600.jpg 600w, https:\/\/www.djurskyddet.se\/ungdom\/wp-content\/uploads\/sites\/30\/2025\/05\/Lina-Johnsson-1024x1024.jpg 1024w, https:\/\/www.djurskyddet.se\/ungdom\/wp-content\/uploads\/sites\/30\/2025\/05\/Lina-Johnsson-768x768.jpg 768w, https:\/\/www.djurskyddet.se\/ungdom\/wp-content\/uploads\/sites\/30\/2025\/05\/Lina-Johnsson.jpg 1080w\" sizes=\"auto, (max-width: 150px) 100vw, 150px\" \/>\t\t\t<\/div>\n\t\t<\/div>\n\t\t\t\t<div class=\"col-md-9 d-flex align-content-center flex-wrap ps-md-3\">\n\t\t\t<div>\n\t\t\t\t<h3 class=\"m-0\">Lina Johnsson<\/h3>\n\t\t\t\t<div class=\"text-primary mb-1\">Kommunikat\u00f6r Djurskyddet Ungdom<\/div>\n\t\t\t\t<div><\/div>\n\t\t\t\t<div class=\"mb-1\">\n\t\t\t\t\t\t\t\t\t\t<div>\n\t\t\t\t\t<i class=\"fa-solid fa-envelope text-primary me-1\"><\/i>\n\t\t\t\t\t\tlina.johnsson@djurskyddet.se \n\t\t\t\t\t<\/div>\n\t\t\t\t\t\t\t\t\t\t\t\t\t\t\t\t<div>\n\t\t\t\t\t<i class=\"fa-solid fa-phone text-primary me-1\"><\/i>\n\t\t\t\t\t\t073-274 30 88\t\t\t\t\t\t<\/div>\n\t\t\t\t\t\t\t\t\t<\/div>\n\t\t\t<\/div>\n\t\t<\/div>\n\t\t\n\t\t<div class=\"col-md-12 mt-4\">\n\t\n\t\t\t\n\t\t<p><b>Arbetsuppgifter<\/b><br \/>\r\nSom kommunikat\u00f6r f\u00f6r Djurskyddet Ungdom skapar jag inneh\u00e5ll f\u00f6r sociala medier och andra kanaler samt st\u00f6ttar medlemmar i kommunikationsfr\u00e5gor.<br \/>\r\n<br \/>\r\n\u2013 Jag brinner f\u00f6r alla djur, s\u00e4rskilt hundar. Att jobba med kommunikation och bidra till Djurskyddets arbete f\u00f6r ett samh\u00e4lle d\u00e4r djur bem\u00f6ts med respekt och medk\u00e4nsla k\u00e4nns v\u00e4ldigt meningsfullt.<\/p> \n\t  \n\t\t\t\t\t<\/div>\n\t\t\n\t<\/div>\n<\/div>\n\n\n<div class=\"person my-3 bg-secondary border-thin\">\n\t<div class=\"row\">\n\t\t\t\t<div class=\"col-md-3 d-flex flex-wrap align-content-center justify-content-center\">\n\t\t\t<div>\n\t\t\t\t<img loading=\"lazy\" decoding=\"async\" width=\"400\" height=\"400\" src=\"https:\/\/www.djurskyddet.se\/ungdom\/wp-content\/uploads\/sites\/30\/2025\/05\/anastasia-hemsida-1.png\" class=\"rounded-circle object-fit-cover mb-3 mb-md-0\" alt=\"\" \/>\t\t\t<\/div>\n\t\t<\/div>\n\t\t\t\t<div class=\"col-md-9 d-flex align-content-center flex-wrap ps-md-3\">\n\t\t\t<div>\n\t\t\t\t<h3 class=\"m-0\">Anastasia Konstadinidis (F\u00f6r\u00e4ldraledig)<\/h3>\n\t\t\t\t<div class=\"text-primary mb-1\">Kommunikat\u00f6r Djurskyddet Ungdom<\/div>\n\t\t\t\t<div><\/div>\n\t\t\t\t<div class=\"mb-1\">\n\t\t\t\t\t\t\t\t\t\t<div>\n\t\t\t\t\t<i class=\"fa-solid fa-envelope text-primary me-1\"><\/i>\n\t\t\t\t\t\tanastasia.konstadinidis@djurskyddet.se \n\t\t\t\t\t<\/div>\n\t\t\t\t\t\t\t\t\t\t\t\t\t\t\t\t<div>\n\t\t\t\t\t<i class=\"fa-solid fa-phone text-primary me-1\"><\/i>\n\t\t\t\t\t\t0730 &#8211; 74 02 95\t\t\t\t\t\t<\/div>\n\t\t\t\t\t\t\t\t\t<\/div>\n\t\t\t<\/div>\n\t\t<\/div>\n\t\t\n\t\t<div class=\"col-md-12 mt-4\">\n\t\n\t\t\t\n\t\t<p><b>Arbetsuppgifter<\/b><br \/>\r\nSom kommunikat\u00f6r f\u00f6r Djurskyddet Ungdom arbetar jag bland annat med att marknadsf\u00f6ra och synligg\u00f6ra ungdomsf\u00f6rbundet i v\u00e5ra kanaler och att informera och st\u00f6tta v\u00e5ra medlemmar i olika kommunikationsfr\u00e5gor.<br \/>\r\n<br \/>\r\n\u2013 Jag \u00e4r uppvuxen med b\u00e5de h\u00e4st och hund och har alltid haft ett svagt hj\u00e4rta f\u00f6r alla slags djur. Hemma hos mig bor Sid, v\u00e4rldens goaste sch\u00e4ferblandning fr\u00e5n Italien.<\/p> \n\t  \n\t\t\t\t\t<\/div>\n\t\t\n\t<\/div>\n<\/div>\n\n\n<h3 class=\"wp-block-heading\" id=\"christel-bertling-szytek\"><\/h3>\n","protected":false},"excerpt":{"rendered":"","protected":false},"author":28,"featured_media":0,"parent":0,"menu_order":0,"comment_status":"closed","ping_status":"closed","template":"","meta":{"_acf_changed":false,"footnotes":""},"class_list":["post-6097","page","type-page","status-publish","hentry"],"acf":[],"_links":{"self":[{"href":"https:\/\/www.djurskyddet.se\/ungdom\/wp-json\/wp\/v2\/pages\/6097","targetHints":{"allow":["GET"]}}],"collection":[{"href":"https:\/\/www.djurskyddet.se\/ungdom\/wp-json\/wp\/v2\/pages"}],"about":[{"href":"https:\/\/www.djurskyddet.se\/ungdom\/wp-json\/wp\/v2\/types\/page"}],"author":[{"embeddable":true,"href":"https:\/\/www.djurskyddet.se\/ungdom\/wp-json\/wp\/v2\/users\/28"}],"replies":[{"embeddable":true,"href":"https:\/\/www.djurskyddet.se\/ungdom\/wp-json\/wp\/v2\/comments?post=6097"}],"version-history":[{"count":18,"href":"https:\/\/www.djurskyddet.se\/ungdom\/wp-json\/wp\/v2\/pages\/6097\/revisions"}],"predecessor-version":[{"id":7472,"href":"https:\/\/www.djurskyddet.se\/ungdom\/wp-json\/wp\/v2\/pages\/6097\/revisions\/7472"}],"wp:attachment":[{"href":"https:\/\/www.djurskyddet.se\/ungdom\/wp-json\/wp\/v2\/media?parent=6097"}],"curies":[{"name":"wp","href":"https:\/\/api.w.org\/{rel}","templated":true}]}}