{"id":6404,"date":"2024-05-06T15:23:19","date_gmt":"2024-05-06T14:23:19","guid":{"rendered":"https:\/\/djurskyddet.flywheelsites.com\/ungdom\/?page_id=6404"},"modified":"2026-03-18T08:42:23","modified_gmt":"2026-03-18T07:42:23","slug":"blekinge","status":"publish","type":"page","link":"https:\/\/www.djurskyddet.se\/ungdom\/engagera-dig\/blekinge\/","title":{"rendered":"Blekinge"},"content":{"rendered":"\n<p>Bor du i Blekinge med omnejd och vill engagera dig f\u00f6r djuren? Kontakta oss!<\/p>\n\n\n\n<div class=\"wp-block-buttons is-layout-flex wp-block-buttons-is-layout-flex\">\n<div class=\"wp-block-button\"><a class=\"wp-block-button__link wp-element-button\" href=\"https:\/\/www.instagram.com\/djurskyddetungdomblekinge\" target=\"_blank\" rel=\"noreferrer noopener\"><i class=\"fa-brands fa-instagram fa-1xl text-light me-2\"><\/i>F\u00f6lj oss p\u00e5 Instagram<\/a><\/div>\n<\/div>\n\n\n\n<div class=\"wp-block-buttons is-layout-flex wp-block-buttons-is-layout-flex\">\n<div class=\"wp-block-button\"><a class=\"wp-block-button__link wp-element-button\"><i class=\"fa-brands fa-facebook fa-1xl text-light me-2\"><\/i>Gilla oss p\u00e5 Facebook<\/a><\/div>\n<\/div>\n\n\n\n<h2 class=\"wp-block-heading\">Vi som sitter i styrelsen<\/h2>\n\n\n\n<div class=\"person my-3 bg-secondary border-thin\">\n\t<div class=\"row\">\n\t\t\t\t<div class=\"col-md-3 d-flex flex-wrap align-content-center justify-content-center\">\n\t\t\t<div>\n\t\t\t\t<img loading=\"lazy\" decoding=\"async\" width=\"150\" height=\"150\" src=\"https:\/\/www.djurskyddet.se\/ungdom\/wp-content\/uploads\/sites\/30\/2025\/01\/95d3744b-f217-488b-9388-b4592fa2d3b1-150x150.jpg\" class=\"rounded-circle object-fit-cover mb-3 mb-md-0\" alt=\"\" srcset=\"https:\/\/www.djurskyddet.se\/ungdom\/wp-content\/uploads\/sites\/30\/2025\/01\/95d3744b-f217-488b-9388-b4592fa2d3b1-150x150.jpg 150w, https:\/\/www.djurskyddet.se\/ungdom\/wp-content\/uploads\/sites\/30\/2025\/01\/95d3744b-f217-488b-9388-b4592fa2d3b1-300x300.jpg 300w, https:\/\/www.djurskyddet.se\/ungdom\/wp-content\/uploads\/sites\/30\/2025\/01\/95d3744b-f217-488b-9388-b4592fa2d3b1-1024x1024.jpg 1024w, https:\/\/www.djurskyddet.se\/ungdom\/wp-content\/uploads\/sites\/30\/2025\/01\/95d3744b-f217-488b-9388-b4592fa2d3b1-768x768.jpg 768w, https:\/\/www.djurskyddet.se\/ungdom\/wp-content\/uploads\/sites\/30\/2025\/01\/95d3744b-f217-488b-9388-b4592fa2d3b1.jpg 1080w\" sizes=\"auto, (max-width: 150px) 100vw, 150px\" \/>\t\t\t<\/div>\n\t\t<\/div>\n\t\t\t\t<div class=\"col-md-9 d-flex align-content-center flex-wrap ps-md-3\">\n\t\t\t<div>\n\t\t\t\t<h3 class=\"m-0\">Ellen Eriksson<\/h3>\n\t\t\t\t<div class=\"text-primary mb-1\">Ordf\u00f6rande<\/div>\n\t\t\t\t<div>26 \u00e5r, J\u00f6nk\u00f6ping <\/div>\n\t\t\t\t<div class=\"mb-1\">\n\t\t\t\t\t\t\t\t\t\t\t\t\t\t<\/div>\n\t\t\t<\/div>\n\t\t<\/div>\n\t\t\n\t\t<div class=\"col-md-12 mt-4\">\n\t\n\t\t\t\n\t\t<p>Jag har ett brinnande intresse f\u00f6r h\u00e5llbarhet, djur och natur och har vuxit upp med en massa katter men har just nu bara en katt som heter Petzel. Han \u00e4r 12 \u00e5r gammal och v\u00e4ldigt sv\u00e5r att f\u00e5nga p\u00e5 bild. <br \/>\r\n<br \/>\r\nJag har g\u00e5tt p\u00e5 ridskola i 12 \u00e5r och var \u00e4ven aktiv i ridklubbens ungdomssektion och styrelse, hj\u00e4lpte till i stallet p\u00e5 helgerna samt deltog under ett par \u00e5r i ridskolecupen. D\u00e4rf\u00f6r bryr jag mig lite extra om h\u00e4stars v\u00e4lf\u00e4rd.<br \/>\r\n<br \/>\r\nJag \u00e4r med i Djurskyddet Ungdom f\u00f6r att jag vill bidra till en b\u00e4ttre v\u00e4rld f\u00f6r b\u00e5de tama och vilda djur. Att vara engagerad i en f\u00f6rening \u00e4r ett fantastiskt s\u00e4tt att g\u00f6ra skillnad!<br \/>\r\n<br \/>\r\nMitt b\u00e4sta djurminne \u00e4r n\u00e4r jag var p\u00e5 ridl\u00e4ger p\u00e5 AW Sporthorses i Tyringe sommaren 2014. D\u00e4r fick jag under en vecka ta hand om en d-ponny som hette Elan. Trots att han var v\u00e4ldigt stark att rida skapade vi ett fint band mellan oss och han f\u00f6rb\u00e4ttrade mitt sj\u00e4lvf\u00f6rtroende inom hoppning som jag tyckte var lite l\u00e4skigt. Det var en fantastisk vecka! <\/p> \n\t  \n\t\t\t\t\t<\/div>\n\t\t\n\t<\/div>\n<\/div>\n\n\n<div class=\"person my-3 bg-secondary border-thin\">\n\t<div class=\"row\">\n\t\t\t\t<div class=\"col-md-3 d-flex flex-wrap align-content-center justify-content-center\">\n\t\t\t<div>\n\t\t\t\t<img loading=\"lazy\" decoding=\"async\" width=\"400\" height=\"400\" src=\"https:\/\/www.djurskyddet.se\/ungdom\/wp-content\/uploads\/sites\/30\/2026\/03\/Lucy-Arnold-honsbild-400x400.jpg\" class=\"rounded-circle object-fit-cover mb-3 mb-md-0\" alt=\"\" \/>\t\t\t<\/div>\n\t\t<\/div>\n\t\t\t\t<div class=\"col-md-9 d-flex align-content-center flex-wrap ps-md-3\">\n\t\t\t<div>\n\t\t\t\t<h3 class=\"m-0\">Lucy Arnold<\/h3>\n\t\t\t\t<div class=\"text-primary mb-1\">Styrelseledamot<\/div>\n\t\t\t\t<div>17 \u00e5r<\/div>\n\t\t\t\t<div class=\"mb-1\">\n\t\t\t\t\t\t\t\t\t\t\t\t\t\t<\/div>\n\t\t\t<\/div>\n\t\t<\/div>\n\t\t\n\t\t<div class=\"col-md-12 mt-4\">\n\t\n\t\t\t\n\t\t<p>Jag har l\u00e4nge haft ett starkt intresse f\u00f6r djur och natur. Genom att vara medlem i Djurskyddet Ungdom vill jag bidra till att g\u00f6ra skillnad f\u00f6r djur.<br \/>\r\n<br \/>\r\nSj\u00e4lv har jag en \u00e4ldre katt och en ung hund, samt tio h\u00f6ns och tv\u00e5 tuppar. Jag tycker om alla typer av djur, b\u00e5de sm\u00e5 och stora, och b\u00e5de marina och landlevande arter.<br \/>\r\n<br \/>\r\nI Sverige har vi relativt starka djurskyddslagar, vilket bidrar till att m\u00e5nga djur f\u00e5r hj\u00e4lp varje \u00e5r. Jag tror att vi genom Djurskyddet Ungdom kan arbeta f\u00f6r att \u00e4nnu fler djur ska f\u00e5 det b\u00e4ttre.<br \/>\r\n<br \/>\r\nDjur f\u00f6rtj\u00e4nar att bli h\u00f6rda. Som m\u00e4nniskor har vi ett ansvar att ta hand om dem och visa respekt, inte att utnyttja dem f\u00f6r v\u00e5r egen vinning. \u00c4ven djur som vissa m\u00e4nniskor k\u00e4nner r\u00e4dsla inf\u00f6r f\u00f6rtj\u00e4nar ett tryggt och h\u00e4lsosamt liv, precis som v\u00e5ra husdjur.<br \/>\r\n<br \/>\r\nGenom att vara aktiv i denna fantastiska organisation vill jag engagera mig och arbeta f\u00f6r djurens b\u00e4sta. \ud83d\udc9a<\/p> \n\t  \n\t\t\t\t\t<\/div>\n\t\t\n\t<\/div>\n<\/div>\n\n\n<div class=\"person my-3 bg-secondary border-thin\">\n\t<div class=\"row\">\n\t\t\t\t<div class=\"col-md-3 d-flex flex-wrap align-content-center justify-content-center\">\n\t\t\t<div>\n\t\t\t\t<img loading=\"lazy\" decoding=\"async\" width=\"150\" height=\"150\" src=\"https:\/\/www.djurskyddet.se\/ungdom\/wp-content\/uploads\/sites\/30\/2023\/03\/sam-carter-GHOiyov2TSQ-unsplash-150x150.jpg\" class=\"rounded-circle object-fit-cover mb-3 mb-md-0\" alt=\"\" srcset=\"https:\/\/www.djurskyddet.se\/ungdom\/wp-content\/uploads\/sites\/30\/2023\/03\/sam-carter-GHOiyov2TSQ-unsplash-150x150.jpg 150w, https:\/\/www.djurskyddet.se\/ungdom\/wp-content\/uploads\/sites\/30\/2023\/03\/sam-carter-GHOiyov2TSQ-unsplash-300x300.jpg 300w\" sizes=\"auto, (max-width: 150px) 100vw, 150px\" \/>\t\t\t<\/div>\n\t\t<\/div>\n\t\t\t\t<div class=\"col-md-9 d-flex align-content-center flex-wrap ps-md-3\">\n\t\t\t<div>\n\t\t\t\t<h3 class=\"m-0\">Mina Agermark Bj\u00e4lkenborn<\/h3>\n\t\t\t\t<div class=\"text-primary mb-1\">Styrelseledamot <\/div>\n\t\t\t\t<div>21 \u00e5r<\/div>\n\t\t\t\t<div class=\"mb-1\">\n\t\t\t\t\t\t\t\t\t\t\t\t\t\t<\/div>\n\t\t\t<\/div>\n\t\t<\/div>\n\t\t\n\t\t<div class=\"col-md-12 mt-4\">\n\t\n\t  \n\t\t\t\t\t<\/div>\n\t\t\n\t<\/div>\n<\/div>\n\n\n<p>H\u00e4r kan du \u00e4ven l\u00e4sa <a href=\"https:\/\/www.djurskyddet.se\/wp-content\/uploads\/sites\/30\/2025\/01\/Stadgar-Blekinge-2024.pdf\">stadgarna <\/a>f\u00f6r Djurskyddet Ungdom Blekinge.<\/p>\n\n\n\n<p>Tillsammans g\u00f6r vi skillnad f\u00f6r djuren! <\/p>\n\n\n\n<p><\/p>\n","protected":false},"excerpt":{"rendered":"<p>Bor du i Blekinge med omnejd och vill engagera dig f\u00f6r djuren? Kontakta oss! Vi som sitter i styrelsen H\u00e4r kan du \u00e4ven l\u00e4sa stadgarna f\u00f6r Djurskyddet Ungdom Blekinge. Tillsammans g\u00f6r vi skillnad f\u00f6r djuren!<\/p>\n","protected":false},"author":2,"featured_media":0,"parent":5594,"menu_order":0,"comment_status":"closed","ping_status":"closed","template":"","meta":{"_acf_changed":false,"footnotes":""},"class_list":["post-6404","page","type-page","status-publish","hentry"],"acf":[],"_links":{"self":[{"href":"https:\/\/www.djurskyddet.se\/ungdom\/wp-json\/wp\/v2\/pages\/6404","targetHints":{"allow":["GET"]}}],"collection":[{"href":"https:\/\/www.djurskyddet.se\/ungdom\/wp-json\/wp\/v2\/pages"}],"about":[{"href":"https:\/\/www.djurskyddet.se\/ungdom\/wp-json\/wp\/v2\/types\/page"}],"author":[{"embeddable":true,"href":"https:\/\/www.djurskyddet.se\/ungdom\/wp-json\/wp\/v2\/users\/2"}],"replies":[{"embeddable":true,"href":"https:\/\/www.djurskyddet.se\/ungdom\/wp-json\/wp\/v2\/comments?post=6404"}],"version-history":[{"count":13,"href":"https:\/\/www.djurskyddet.se\/ungdom\/wp-json\/wp\/v2\/pages\/6404\/revisions"}],"predecessor-version":[{"id":7506,"href":"https:\/\/www.djurskyddet.se\/ungdom\/wp-json\/wp\/v2\/pages\/6404\/revisions\/7506"}],"up":[{"embeddable":true,"href":"https:\/\/www.djurskyddet.se\/ungdom\/wp-json\/wp\/v2\/pages\/5594"}],"wp:attachment":[{"href":"https:\/\/www.djurskyddet.se\/ungdom\/wp-json\/wp\/v2\/media?parent=6404"}],"curies":[{"name":"wp","href":"https:\/\/api.w.org\/{rel}","templated":true}]}}

<p>Bor du i Blekinge med omnejd och vill engagera dig för djuren? Kontakta oss!</p>



<div class="wp-block-buttons is-layout-flex wp-block-buttons-is-layout-flex">
<div class="wp-block-button"><a class="wp-block-button__link wp-element-button" href="https://www.instagram.com/djurskyddetungdomblekinge" target="_blank" rel="noreferrer noopener"><i class="fa-brands fa-instagram fa-1xl text-light me-2"></i>Följ oss på Instagram</a></div>
</div>



<div class="wp-block-buttons is-layout-flex wp-block-buttons-is-layout-flex">
<div class="wp-block-button"><a class="wp-block-button__link wp-element-button"><i class="fa-brands fa-facebook fa-1xl text-light me-2"></i>Gilla oss på Facebook</a></div>
</div>



<h2 class="wp-block-heading">Vi som sitter i styrelsen</h2>



<div class="person my-3 bg-secondary border-thin">
	<div class="row">
				<div class="col-md-3 d-flex flex-wrap align-content-center justify-content-center">
			<div>
				<img loading="lazy" decoding="async" width="150" height="150" src="https://www.djurskyddet.se/ungdom/wp-content/uploads/sites/30/2025/01/95d3744b-f217-488b-9388-b4592fa2d3b1-150x150.jpg" class="rounded-circle object-fit-cover mb-3 mb-md-0" alt="" srcset="https://www.djurskyddet.se/ungdom/wp-content/uploads/sites/30/2025/01/95d3744b-f217-488b-9388-b4592fa2d3b1-150x150.jpg 150w, https://www.djurskyddet.se/ungdom/wp-content/uploads/sites/30/2025/01/95d3744b-f217-488b-9388-b4592fa2d3b1-300x300.jpg 300w, https://www.djurskyddet.se/ungdom/wp-content/uploads/sites/30/2025/01/95d3744b-f217-488b-9388-b4592fa2d3b1-1024x1024.jpg 1024w, https://www.djurskyddet.se/ungdom/wp-content/uploads/sites/30/2025/01/95d3744b-f217-488b-9388-b4592fa2d3b1-768x768.jpg 768w, https://www.djurskyddet.se/ungdom/wp-content/uploads/sites/30/2025/01/95d3744b-f217-488b-9388-b4592fa2d3b1.jpg 1080w" sizes="auto, (max-width: 150px) 100vw, 150px" />			</div>
		</div>
				<div class="col-md-9 d-flex align-content-center flex-wrap ps-md-3">
			<div>
				<h3 class="m-0">Ellen Eriksson</h3>
				<div class="text-primary mb-1">Ordförande</div>
				<div>26 år, Jönköping </div>
				<div class="mb-1">
														</div>
			</div>
		</div>
		
		<div class="col-md-12 mt-4">
	
			
		<p>Jag har ett brinnande intresse för hållbarhet, djur och natur och har vuxit upp med en massa katter men har just nu bara en katt som heter Petzel. Han är 12 år gammal och väldigt svår att fånga på bild. <br />
<br />
Jag har gått på ridskola i 12 år och var även aktiv i ridklubbens ungdomssektion och styrelse, hjälpte till i stallet på helgerna samt deltog under ett par år i ridskolecupen. Därför bryr jag mig lite extra om hästars välfärd.<br />
<br />
Jag är med i Djurskyddet Ungdom för att jag vill bidra till en bättre värld för både tama och vilda djur. Att vara engagerad i en förening är ett fantastiskt sätt att göra skillnad!<br />
<br />
Mitt bästa djurminne är när jag var på ridläger på AW Sporthorses i Tyringe sommaren 2014. Där fick jag under en vecka ta hand om en d-ponny som hette Elan. Trots att han var väldigt stark att rida skapade vi ett fint band mellan oss och han förbättrade mitt självförtroende inom hoppning som jag tyckte var lite läskigt. Det var en fantastisk vecka! </p> 
	  
					</div>
		
	</div>
</div>


<div class="person my-3 bg-secondary border-thin">
	<div class="row">
				<div class="col-md-3 d-flex flex-wrap align-content-center justify-content-center">
			<div>
				<img loading="lazy" decoding="async" width="400" height="400" src="https://www.djurskyddet.se/ungdom/wp-content/uploads/sites/30/2026/03/Lucy-Arnold-honsbild-400x400.jpg" class="rounded-circle object-fit-cover mb-3 mb-md-0" alt="" />			</div>
		</div>
				<div class="col-md-9 d-flex align-content-center flex-wrap ps-md-3">
			<div>
				<h3 class="m-0">Lucy Arnold</h3>
				<div class="text-primary mb-1">Styrelseledamot</div>
				<div>17 år</div>
				<div class="mb-1">
														</div>
			</div>
		</div>
		
		<div class="col-md-12 mt-4">
	
			
		<p>Jag har länge haft ett starkt intresse för djur och natur. Genom att vara medlem i Djurskyddet Ungdom vill jag bidra till att göra skillnad för djur.<br />
<br />
Själv har jag en äldre katt och en ung hund, samt tio höns och två tuppar. Jag tycker om alla typer av djur, både små och stora, och både marina och landlevande arter.<br />
<br />
I Sverige har vi relativt starka djurskyddslagar, vilket bidrar till att många djur får hjälp varje år. Jag tror att vi genom Djurskyddet Ungdom kan arbeta för att ännu fler djur ska få det bättre.<br />
<br />
Djur förtjänar att bli hörda. Som människor har vi ett ansvar att ta hand om dem och visa respekt, inte att utnyttja dem för vår egen vinning. Även djur som vissa människor känner rädsla inför förtjänar ett tryggt och hälsosamt liv, precis som våra husdjur.<br />
<br />
Genom att vara aktiv i denna fantastiska organisation vill jag engagera mig och arbeta för djurens bästa. 💚</p> 
	  
					</div>
		
	</div>
</div>


<div class="person my-3 bg-secondary border-thin">
	<div class="row">
				<div class="col-md-3 d-flex flex-wrap align-content-center justify-content-center">
			<div>
				<img loading="lazy" decoding="async" width="150" height="150" src="https://www.djurskyddet.se/ungdom/wp-content/uploads/sites/30/2023/03/sam-carter-GHOiyov2TSQ-unsplash-150x150.jpg" class="rounded-circle object-fit-cover mb-3 mb-md-0" alt="" srcset="https://www.djurskyddet.se/ungdom/wp-content/uploads/sites/30/2023/03/sam-carter-GHOiyov2TSQ-unsplash-150x150.jpg 150w, https://www.djurskyddet.se/ungdom/wp-content/uploads/sites/30/2023/03/sam-carter-GHOiyov2TSQ-unsplash-300x300.jpg 300w" sizes="auto, (max-width: 150px) 100vw, 150px" />			</div>
		</div>
				<div class="col-md-9 d-flex align-content-center flex-wrap ps-md-3">
			<div>
				<h3 class="m-0">Mina Agermark Bjälkenborn</h3>
				<div class="text-primary mb-1">Styrelseledamot </div>
				<div>21 år</div>
				<div class="mb-1">
														</div>
			</div>
		</div>
		
		<div class="col-md-12 mt-4">
	
	  
					</div>
		
	</div>
</div>


<p>Här kan du även läsa <a href="https://www.djurskyddet.se/wp-content/uploads/sites/30/2025/01/Stadgar-Blekinge-2024.pdf">stadgarna </a>för Djurskyddet Ungdom Blekinge.</p>



<p>Tillsammans gör vi skillnad för djuren! </p>



<p></p>

<p>Bor du i Blekinge med omnejd och vill engagera dig för djuren? Kontakta oss! Vi som sitter i styrelsen Här kan du även läsa stadgarna för Djurskyddet Ungdom Blekinge. Tillsammans gör vi skillnad för djuren!</p>
