{"id":6454,"date":"2024-08-04T19:55:15","date_gmt":"2024-08-04T18:55:15","guid":{"rendered":"https:\/\/djurskyddet.flywheelsites.com\/ungdom\/?page_id=6454"},"modified":"2025-01-27T14:44:29","modified_gmt":"2025-01-27T13:44:29","slug":"orebro","status":"publish","type":"page","link":"https:\/\/www.djurskyddet.se\/ungdom\/engagera-dig\/orebro\/","title":{"rendered":"\u00d6rebro"},"content":{"rendered":"\n<p>Bor du i \u00d6rebro med omnejd och vill engagera dig f\u00f6r djuren? Kontakta oss!<\/p>\n\n\n\n<div class=\"wp-block-buttons is-layout-flex wp-block-buttons-is-layout-flex\">\n<div class=\"wp-block-button\"><a class=\"wp-block-button__link wp-element-button\" href=\"https:\/\/www.instagram.com\/djurskyddetungdomorebro\/\" target=\"_blank\" rel=\"noreferrer noopener\"><i class=\"fa-brands fa-instagram fa-1xl text-light me-2\"><\/i>F\u00f6lj oss p\u00e5 Instagram<\/a><\/div>\n<\/div>\n\n\n\n<h2 class=\"wp-block-heading\">Vi som sitter i styrelsen<\/h2>\n\n\n\n<div class=\"person my-3 bg-secondary border-thin\">\n\t<div class=\"row\">\n\t\t\t\t<div class=\"col-md-3 d-flex flex-wrap align-content-center justify-content-center\">\n\t\t\t<div>\n\t\t\t\t<img loading=\"lazy\" decoding=\"async\" width=\"150\" height=\"150\" src=\"https:\/\/www.djurskyddet.se\/ungdom\/wp-content\/uploads\/sites\/30\/2025\/01\/Emilia-150x150.jpg\" class=\"rounded-circle object-fit-cover mb-3 mb-md-0\" alt=\"\" \/>\t\t\t<\/div>\n\t\t<\/div>\n\t\t\t\t<div class=\"col-md-9 d-flex align-content-center flex-wrap ps-md-3\">\n\t\t\t<div>\n\t\t\t\t<h3 class=\"m-0\">Emilia Qvarnstr\u00f6m<\/h3>\n\t\t\t\t<div class=\"text-primary mb-1\">Ordf\u00f6rande <\/div>\n\t\t\t\t<div>21 \u00e5r, H\u00e4rn\u00f6sand<\/div>\n\t\t\t\t<div class=\"mb-1\">\n\t\t\t\t\t\t\t\t\t\t\t\t\t\t<\/div>\n\t\t\t<\/div>\n\t\t<\/div>\n\t\t\n\t\t<div class=\"col-md-12 mt-4\">\n\t\n\t\t\t\n\t\t<p>Hej, jag bor i H\u00e4rn\u00f6sand men \u00e4r via distans ordf\u00f6rande i Djurskyddet Ungdom \u00d6rebro. Jag har varit ordf\u00f6rande sedan 2019 men jag har varit medlem i Djurskyddet Ungdom sedan 2018. <br \/>\r\n<br \/>\r\nJag har en hund som heter Zita, en sch\u00e4fer p\u00e5 6 \u00e5r. Jag \u00e4r uppv\u00e4xt med hundar d\u00e5 jag var mycket hos min mormor som hade kennel under en period samt har vi haft andra djur hemma som reptiler, gnagare, vandrade pinnar och katter. <br \/>\r\n<br \/>\r\nVarf\u00f6r jag valde att g\u00e5 med i Djurskyddet Ungdom \u00e4r f\u00f6r att jag \u00e4lskar djur och jag bryr mig om deras h\u00e4lsa samt f\u00f6r att delaktig i att st\u00e4rka djurskyddet. Alla djur f\u00f6rtj\u00e4nar att f\u00e5 sina behov tillgodosedda och alla djur f\u00f6rtj\u00e4nar ett bra liv. Sedan har det ju varit en bonus att f\u00e5 ta del av den gemenskapen som vi har i Djurskyddet Ungdom.  <\/p> \n\t  \n\t\t\t\t\t<\/div>\n\t\t\n\t<\/div>\n<\/div>\n\n\n<div class=\"person my-3 bg-secondary border-thin\">\n\t<div class=\"row\">\n\t\t\t\t<div class=\"col-md-3 d-flex flex-wrap align-content-center justify-content-center\">\n\t\t\t<div>\n\t\t\t\t<img loading=\"lazy\" decoding=\"async\" width=\"150\" height=\"150\" src=\"https:\/\/www.djurskyddet.se\/ungdom\/wp-content\/uploads\/sites\/30\/2025\/01\/Josefin-150x150.jpg\" class=\"rounded-circle object-fit-cover mb-3 mb-md-0\" alt=\"\" \/>\t\t\t<\/div>\n\t\t<\/div>\n\t\t\t\t<div class=\"col-md-9 d-flex align-content-center flex-wrap ps-md-3\">\n\t\t\t<div>\n\t\t\t\t<h3 class=\"m-0\">Josefin Ekl\u00f6f <\/h3>\n\t\t\t\t<div class=\"text-primary mb-1\">Styrelseledamot <\/div>\n\t\t\t\t<div>24 \u00e5r, \u00d6rebro<\/div>\n\t\t\t\t<div class=\"mb-1\">\n\t\t\t\t\t\t\t\t\t\t\t\t\t\t<\/div>\n\t\t\t<\/div>\n\t\t<\/div>\n\t\t\n\t\t<div class=\"col-md-12 mt-4\">\n\t\n\t\t\t\n\t\t<p>Jag bor i \u00d6rebro tillsammans med hundarna Jack, Miilo och Freija, marsvinen Ezra, Akila, Shiiva, Reijda, Gifu och Wynja samt min spindel Ragnar. <br \/>\r\n<br \/>\r\nUnder min uppv\u00e4xt har jag haft allt ifr\u00e5n lantbruksdjur, gnagare\/kaniner, reptiler och katt. Jag har alltid haft ett brinnande intresse f\u00f6r djur, d\u00e4rf\u00f6r k\u00e4nde jag att det passade bra att g\u00e5 med i Djurskyddet Ungdom.  <\/p> \n\t  \n\t\t\t\t\t<\/div>\n\t\t\n\t<\/div>\n<\/div>\n\n\n<div class=\"person my-3 bg-secondary border-thin\">\n\t<div class=\"row\">\n\t\t\t\t<div class=\"col-md-3 d-flex flex-wrap align-content-center justify-content-center\">\n\t\t\t<div>\n\t\t\t\t<img loading=\"lazy\" decoding=\"async\" width=\"150\" height=\"150\" src=\"https:\/\/www.djurskyddet.se\/ungdom\/wp-content\/uploads\/sites\/30\/2025\/01\/Evelina-1-150x150.jpg\" class=\"rounded-circle object-fit-cover mb-3 mb-md-0\" alt=\"\" \/>\t\t\t<\/div>\n\t\t<\/div>\n\t\t\t\t<div class=\"col-md-9 d-flex align-content-center flex-wrap ps-md-3\">\n\t\t\t<div>\n\t\t\t\t<h3 class=\"m-0\">Evelina Qvarnstr\u00f6m<\/h3>\n\t\t\t\t<div class=\"text-primary mb-1\">Styrelseledamot <\/div>\n\t\t\t\t<div>20 \u00e5r, Gullsp\u00e5ng <\/div>\n\t\t\t\t<div class=\"mb-1\">\n\t\t\t\t\t\t\t\t\t\t\t\t\t\t<\/div>\n\t\t\t<\/div>\n\t\t<\/div>\n\t\t\n\t\t<div class=\"col-md-12 mt-4\">\n\t\n\t\t\t\n\t\t<p>Jag pluggar till undersk\u00f6terska och bor i en l\u00e4genhet i Gullsp\u00e5ng tillsammans med mina tv\u00e5 katter Luna och Minou. Jag har v\u00e4xt upp med olika djur och jag har alltid haft intresse f\u00f6r djur. Jag blev medlem i Djurskyddet Ungdom 2019 och b\u00f6rjade engagera mig i Djurskyddet Ungdom \u00d6rebro samma \u00e5r. Jag gick med f\u00f6r att kunna g\u00f6ra skillnad f\u00f6r djuren.  <\/p> \n\t  \n\t\t\t\t\t<\/div>\n\t\t\n\t<\/div>\n<\/div>\n\n\n<p>H\u00e4r kan du \u00e4ven l\u00e4sa<a href=\"https:\/\/www.djurskyddet.se\/wp-content\/uploads\/sites\/30\/2025\/01\/Stadgar-Orebro.pdf\"> stadgarna<\/a> f\u00f6r Djurskyddet Ungdom \u00d6rebro.<\/p>\n\n\n\n<p>Tillsammans g\u00f6r vi skillnad f\u00f6r djuren!<\/p>\n\n\n\n<p><\/p>\n","protected":false},"excerpt":{"rendered":"<p>Bor du i \u00d6rebro med omnejd och vill engagera dig f\u00f6r djuren? Kontakta oss! Vi som sitter i styrelsen H\u00e4r kan du \u00e4ven l\u00e4sa stadgarna f\u00f6r Djurskyddet Ungdom \u00d6rebro. Tillsammans g\u00f6r vi skillnad f\u00f6r djuren!<\/p>\n","protected":false},"author":2,"featured_media":0,"parent":5594,"menu_order":0,"comment_status":"closed","ping_status":"closed","template":"","meta":{"_acf_changed":false,"footnotes":""},"class_list":["post-6454","page","type-page","status-publish","hentry"],"acf":[],"_links":{"self":[{"href":"https:\/\/www.djurskyddet.se\/ungdom\/wp-json\/wp\/v2\/pages\/6454","targetHints":{"allow":["GET"]}}],"collection":[{"href":"https:\/\/www.djurskyddet.se\/ungdom\/wp-json\/wp\/v2\/pages"}],"about":[{"href":"https:\/\/www.djurskyddet.se\/ungdom\/wp-json\/wp\/v2\/types\/page"}],"author":[{"embeddable":true,"href":"https:\/\/www.djurskyddet.se\/ungdom\/wp-json\/wp\/v2\/users\/2"}],"replies":[{"embeddable":true,"href":"https:\/\/www.djurskyddet.se\/ungdom\/wp-json\/wp\/v2\/comments?post=6454"}],"version-history":[{"count":6,"href":"https:\/\/www.djurskyddet.se\/ungdom\/wp-json\/wp\/v2\/pages\/6454\/revisions"}],"predecessor-version":[{"id":6936,"href":"https:\/\/www.djurskyddet.se\/ungdom\/wp-json\/wp\/v2\/pages\/6454\/revisions\/6936"}],"up":[{"embeddable":true,"href":"https:\/\/www.djurskyddet.se\/ungdom\/wp-json\/wp\/v2\/pages\/5594"}],"wp:attachment":[{"href":"https:\/\/www.djurskyddet.se\/ungdom\/wp-json\/wp\/v2\/media?parent=6454"}],"curies":[{"name":"wp","href":"https:\/\/api.w.org\/{rel}","templated":true}]}}

Örebro

<p>Bor du i Örebro med omnejd och vill engagera dig för djuren? Kontakta oss!</p>



<div class="wp-block-buttons is-layout-flex wp-block-buttons-is-layout-flex">
<div class="wp-block-button"><a class="wp-block-button__link wp-element-button" href="https://www.instagram.com/djurskyddetungdomorebro/" target="_blank" rel="noreferrer noopener"><i class="fa-brands fa-instagram fa-1xl text-light me-2"></i>Följ oss på Instagram</a></div>
</div>



<h2 class="wp-block-heading">Vi som sitter i styrelsen</h2>



<div class="person my-3 bg-secondary border-thin">
	<div class="row">
				<div class="col-md-3 d-flex flex-wrap align-content-center justify-content-center">
			<div>
				<img loading="lazy" decoding="async" width="150" height="150" src="https://www.djurskyddet.se/ungdom/wp-content/uploads/sites/30/2025/01/Emilia-150x150.jpg" class="rounded-circle object-fit-cover mb-3 mb-md-0" alt="" />			</div>
		</div>
				<div class="col-md-9 d-flex align-content-center flex-wrap ps-md-3">
			<div>
				<h3 class="m-0">Emilia Qvarnström</h3>
				<div class="text-primary mb-1">Ordförande </div>
				<div>21 år, Härnösand</div>
				<div class="mb-1">
														</div>
			</div>
		</div>
		
		<div class="col-md-12 mt-4">
	
			
		<p>Hej, jag bor i Härnösand men är via distans ordförande i Djurskyddet Ungdom Örebro. Jag har varit ordförande sedan 2019 men jag har varit medlem i Djurskyddet Ungdom sedan 2018. <br />
<br />
Jag har en hund som heter Zita, en schäfer på 6 år. Jag är uppväxt med hundar då jag var mycket hos min mormor som hade kennel under en period samt har vi haft andra djur hemma som reptiler, gnagare, vandrade pinnar och katter. <br />
<br />
Varför jag valde att gå med i Djurskyddet Ungdom är för att jag älskar djur och jag bryr mig om deras hälsa samt för att delaktig i att stärka djurskyddet. Alla djur förtjänar att få sina behov tillgodosedda och alla djur förtjänar ett bra liv. Sedan har det ju varit en bonus att få ta del av den gemenskapen som vi har i Djurskyddet Ungdom.  </p> 
	  
					</div>
		
	</div>
</div>


<div class="person my-3 bg-secondary border-thin">
	<div class="row">
				<div class="col-md-3 d-flex flex-wrap align-content-center justify-content-center">
			<div>
				<img loading="lazy" decoding="async" width="150" height="150" src="https://www.djurskyddet.se/ungdom/wp-content/uploads/sites/30/2025/01/Josefin-150x150.jpg" class="rounded-circle object-fit-cover mb-3 mb-md-0" alt="" />			</div>
		</div>
				<div class="col-md-9 d-flex align-content-center flex-wrap ps-md-3">
			<div>
				<h3 class="m-0">Josefin Eklöf </h3>
				<div class="text-primary mb-1">Styrelseledamot </div>
				<div>24 år, Örebro</div>
				<div class="mb-1">
														</div>
			</div>
		</div>
		
		<div class="col-md-12 mt-4">
	
			
		<p>Jag bor i Örebro tillsammans med hundarna Jack, Miilo och Freija, marsvinen Ezra, Akila, Shiiva, Reijda, Gifu och Wynja samt min spindel Ragnar. <br />
<br />
Under min uppväxt har jag haft allt ifrån lantbruksdjur, gnagare/kaniner, reptiler och katt. Jag har alltid haft ett brinnande intresse för djur, därför kände jag att det passade bra att gå med i Djurskyddet Ungdom.  </p> 
	  
					</div>
		
	</div>
</div>


<div class="person my-3 bg-secondary border-thin">
	<div class="row">
				<div class="col-md-3 d-flex flex-wrap align-content-center justify-content-center">
			<div>
				<img loading="lazy" decoding="async" width="150" height="150" src="https://www.djurskyddet.se/ungdom/wp-content/uploads/sites/30/2025/01/Evelina-1-150x150.jpg" class="rounded-circle object-fit-cover mb-3 mb-md-0" alt="" />			</div>
		</div>
				<div class="col-md-9 d-flex align-content-center flex-wrap ps-md-3">
			<div>
				<h3 class="m-0">Evelina Qvarnström</h3>
				<div class="text-primary mb-1">Styrelseledamot </div>
				<div>20 år, Gullspång </div>
				<div class="mb-1">
														</div>
			</div>
		</div>
		
		<div class="col-md-12 mt-4">
	
			
		<p>Jag pluggar till undersköterska och bor i en lägenhet i Gullspång tillsammans med mina två katter Luna och Minou. Jag har växt upp med olika djur och jag har alltid haft intresse för djur. Jag blev medlem i Djurskyddet Ungdom 2019 och började engagera mig i Djurskyddet Ungdom Örebro samma år. Jag gick med för att kunna göra skillnad för djuren.  </p> 
	  
					</div>
		
	</div>
</div>


<p>Här kan du även läsa<a href="https://www.djurskyddet.se/wp-content/uploads/sites/30/2025/01/Stadgar-Orebro.pdf"> stadgarna</a> för Djurskyddet Ungdom Örebro.</p>



<p>Tillsammans gör vi skillnad för djuren!</p>



<p></p>

<p>Bor du i Örebro med omnejd och vill engagera dig för djuren? Kontakta oss! Vi som sitter i styrelsen Här kan du även läsa stadgarna för Djurskyddet Ungdom Örebro. Tillsammans gör vi skillnad för djuren!</p>
