{"id":7099,"date":"2025-03-05T15:14:24","date_gmt":"2025-03-05T14:14:24","guid":{"rendered":"https:\/\/www.djurskyddet.se\/ungdom\/?page_id=7099"},"modified":"2025-06-03T08:00:55","modified_gmt":"2025-06-03T07:00:55","slug":"aretsstamma","status":"publish","type":"page","link":"https:\/\/www.djurskyddet.se\/ungdom\/aretsstamma\/","title":{"rendered":"\u00c5rets h\u00f6jdpunkt"},"content":{"rendered":"\n<p>L\u00f6rdagen den 17 maj h\u00f6lls \u00e5rets f\u00f6rbundsst\u00e4mma p\u00e5 v\u00e5rt kansli i Stockholm, d\u00e4r medlemmar fr\u00e5n hela landet deltog.<\/p>\n\n\n\n<p>Efter en gemensam frukost fick vi lyssna till en sp\u00e4nnande f\u00f6rel\u00e4sning av Emma Brunberg: &#8221;Fr\u00e5n varg till mops&#8221;, om hundens utveckling och v\u00e5ra relationer till olika raser. D\u00e4refter f\u00f6ljde lunch och sj\u00e4lva \u00e5rsm\u00f6tet, d\u00e4r viktiga beslut fattades.<\/p>\n\n\n\n<p>Dagen avslutades med fika och en fartfylld bowlingaktivitet \u2013 ett roligt och avslappnat s\u00e4tt att umg\u00e5s.<\/p>\n\n\n\n<figure class=\"wp-block-image size-full\"><img loading=\"lazy\" decoding=\"async\" width=\"480\" height=\"640\" src=\"https:\/\/www.djurskyddet.se\/ungdom\/wp-content\/uploads\/sites\/30\/2025\/06\/stamma14-rotated.jpg\" alt=\"\" class=\"wp-image-7295\" srcset=\"https:\/\/www.djurskyddet.se\/ungdom\/wp-content\/uploads\/sites\/30\/2025\/06\/stamma14-rotated.jpg 480w, https:\/\/www.djurskyddet.se\/ungdom\/wp-content\/uploads\/sites\/30\/2025\/06\/stamma14-450x600.jpg 450w\" sizes=\"auto, (max-width: 480px) 100vw, 480px\" \/><\/figure>\n\n\n\n<p>Stort tack till alla som var med och gjorde dagen s\u00e5 lyckad!<\/p>\n","protected":false},"excerpt":{"rendered":"<p>L\u00f6rdagen den 17 maj h\u00f6lls \u00e5rets f\u00f6rbundsst\u00e4mma p\u00e5 v\u00e5rt kansli i Stockholm, d\u00e4r medlemmar fr\u00e5n hela landet deltog. Efter en gemensam frukost fick vi lyssna till en sp\u00e4nnande f\u00f6rel\u00e4sning av Emma Brunberg: &#8221;Fr\u00e5n varg till mops&#8221;, om hundens utveckling och v\u00e5ra relationer till olika raser. D\u00e4refter f\u00f6ljde lunch och sj\u00e4lva \u00e5rsm\u00f6tet, d\u00e4r viktiga beslut fattades. [&hellip;]<\/p>\n","protected":false},"author":28,"featured_media":6794,"parent":0,"menu_order":0,"comment_status":"closed","ping_status":"closed","template":"","meta":{"_acf_changed":false,"footnotes":""},"class_list":["post-7099","page","type-page","status-publish","has-post-thumbnail","hentry"],"acf":[],"_links":{"self":[{"href":"https:\/\/www.djurskyddet.se\/ungdom\/wp-json\/wp\/v2\/pages\/7099","targetHints":{"allow":["GET"]}}],"collection":[{"href":"https:\/\/www.djurskyddet.se\/ungdom\/wp-json\/wp\/v2\/pages"}],"about":[{"href":"https:\/\/www.djurskyddet.se\/ungdom\/wp-json\/wp\/v2\/types\/page"}],"author":[{"embeddable":true,"href":"https:\/\/www.djurskyddet.se\/ungdom\/wp-json\/wp\/v2\/users\/28"}],"replies":[{"embeddable":true,"href":"https:\/\/www.djurskyddet.se\/ungdom\/wp-json\/wp\/v2\/comments?post=7099"}],"version-history":[{"count":8,"href":"https:\/\/www.djurskyddet.se\/ungdom\/wp-json\/wp\/v2\/pages\/7099\/revisions"}],"predecessor-version":[{"id":7296,"href":"https:\/\/www.djurskyddet.se\/ungdom\/wp-json\/wp\/v2\/pages\/7099\/revisions\/7296"}],"wp:featuredmedia":[{"embeddable":true,"href":"https:\/\/www.djurskyddet.se\/ungdom\/wp-json\/wp\/v2\/media\/6794"}],"wp:attachment":[{"href":"https:\/\/www.djurskyddet.se\/ungdom\/wp-json\/wp\/v2\/media?parent=7099"}],"curies":[{"name":"wp","href":"https:\/\/api.w.org\/{rel}","templated":true}]}}

Årets höjdpunkt

<p>Lördagen den 17 maj hölls årets förbundsstämma på vårt kansli i Stockholm, där medlemmar från hela landet deltog.</p>



<p>Efter en gemensam frukost fick vi lyssna till en spännande föreläsning av Emma Brunberg: &#8221;Från varg till mops&#8221;, om hundens utveckling och våra relationer till olika raser. Därefter följde lunch och själva årsmötet, där viktiga beslut fattades.</p>



<p>Dagen avslutades med fika och en fartfylld bowlingaktivitet – ett roligt och avslappnat sätt att umgås.</p>



<figure class="wp-block-image size-full"><img loading="lazy" decoding="async" width="480" height="640" src="https://www.djurskyddet.se/ungdom/wp-content/uploads/sites/30/2025/06/stamma14-rotated.jpg" alt="" class="wp-image-7295" srcset="https://www.djurskyddet.se/ungdom/wp-content/uploads/sites/30/2025/06/stamma14-rotated.jpg 480w, https://www.djurskyddet.se/ungdom/wp-content/uploads/sites/30/2025/06/stamma14-450x600.jpg 450w" sizes="auto, (max-width: 480px) 100vw, 480px" /></figure>



<p>Stort tack till alla som var med och gjorde dagen så lyckad!</p>

<p>Lördagen den 17 maj hölls årets förbundsstämma på vårt kansli i Stockholm, där medlemmar från hela landet deltog. Efter en gemensam frukost fick vi lyssna till en spännande föreläsning av Emma Brunberg: &#8221;Från varg till mops&#8221;, om hundens utveckling och våra relationer till olika raser. Därefter följde lunch och själva årsmötet, där viktiga beslut fattades. [&hellip;]</p>
