{"id":5510,"date":"2018-09-27T08:38:20","date_gmt":"2018-09-27T08:38:20","guid":{"rendered":"http:\/\/www.djurskyddet.se\/vilsnatassar\/?page_id=5510"},"modified":"2023-08-03T17:26:37","modified_gmt":"2023-08-03T17:26:37","slug":"tips-rad","status":"publish","type":"page","link":"https:\/\/www.djurskyddet.se\/vilsnatassar\/tips-rad\/","title":{"rendered":"Tips &amp; R\u00e5d"},"content":{"rendered":"<p>Nedan har vi sammanst\u00e4llt lite tips och r\u00e5d f\u00f6r dig med katt.\u00a0<\/p>\n<p><em>Hittar du inte vad du s\u00f6ker? <a href=\"https:\/\/www.djurskyddet.se\/vilsnatassar\/om-oss\/kontakta-oss\/\">Kontakta oss<\/a>!<\/em><\/p>\n<h3>Id-m\u00e4rkning &#8211; varf\u00f6r?<\/h3>\n<p>Att ID-m\u00e4rka din katt \u00e4r viktigt om katten av n\u00e5gon orsak skulle komma bort. Att ID-m\u00e4rka katten g\u00f6r ocks\u00e5 att antalet heml\u00f6sa katter minskar, f\u00f6r som \u00e4gare \u00e4r du ansvarig att ta hand om katten. Har katten ingen ID-m\u00e4rkning \u00e4r det sv\u00e5rt att finns en \u00e4gare.\u00a0<strong>Det \u00e4r numera lag p\u00e5 att din katt ska vara ID-m\u00e4rkt och registrerad. Du kan l\u00e4sa mer och registrera katten via <a href=\"https:\/\/jordbruksverket.se\/djur\/hundar-katter-och-smadjur\/katter\/marka-och-registrera-katter\">Jordbruksverket.<\/a><\/strong><\/p>\n<h3>F\u00f6rs\u00e4kring &#8211; beh\u00f6vs det?<\/h3>\n<p>Om din katt blir sjuk \u00e4r det viktigt att den f\u00e5r bes\u00f6ka veterin\u00e4r, dock \u00e4r veterin\u00e4rkostnader ofta dyra. En bra f\u00f6rs\u00e4kring \u00e4r ett bra alternativ f\u00f6r att slippa dessa h\u00f6ga kostnader. F\u00f6rs\u00e4kra din katt s\u00e5 tidigt som m\u00f6jligt &#8211; det kan vara viktigt f\u00f6r att vara s\u00e4ker p\u00e5 att f\u00f6rs\u00e4kringsbolaget ers\u00e4tter kostnader. M\u00e5nga f\u00f6rs\u00e4kringsbolag erbjuder dessutom rabatt om du tecknar f\u00f6rs\u00e4kringen tidigt. Dessutom kan du f\u00e5 ytterligare rabatt p\u00e5 f\u00f6rs\u00e4kringen om din katt \u00e4r ID-m\u00e4rkt!<\/p>\n<h3>Kastrera katten &#8211; \u00e4r det n\u00f6dv\u00e4ndigt?<\/h3>\n<p>Idag finns det ca. 100 000 heml\u00f6sa katter i Sverige, den siffran skulle vara betydligt l\u00e4gre om alla katter som inte anv\u00e4nds f\u00f6r avel var kastrerade. Kastrering av katter \u00e4r dessutom bra av fler anledningar, dels d\u00e5 det minskar risken f\u00f6r olyckor och sjukdomar men det kan \u00e4ven minska o\u00f6nskat beteende hos katten. En kastrerad katt hamnar inte i slagsm\u00e5l lika mycket d\u00e5 det territoriella beteendet mattas av, det minskar risk f\u00f6r spridning av k\u00f6nsbundna sjukdomar och katterna str\u00f6var inte lika mycket vilket minskar risken f\u00f6r trafikolyckor. Det har visat sig att kastrerade katter oftast lever l\u00e4ngre \u00e4n okastrerade katter. Det \u00e4r dessutom viktigt att kastrera b\u00e5da han- och honkatter!<\/p>\n<h3>Milj\u00f6berikning &#8211; vad \u00e4r det?<\/h3>\n<p>Jordbruksverket har fastslagit i sina djurskyddsbest\u00e4mmelser att \u00e4gare till katt har en skyldighet att milj\u00f6berika kattens vistelseomr\u00e5de. En utekatt f\u00e5r automatiskt den berikning som \u00e4r n\u00f6dv\u00e4ndig &#8211; men f\u00f6r en innekatt \u00e4r det viktigt att vistas i en stimulerande milj\u00f6. Att milj\u00f6berika hemmet inneb\u00e4r att aktivera och syssels\u00e4tta katten. Det kan bland annat inneb\u00e4ra att ha upph\u00f6jda liggplatser, g\u00f6mst\u00e4llen och m\u00f6jlighet f\u00f6r katten att kl\u00f6sa.\u00a0<\/p>\n<h3>Sveriges kattklubbars riksf\u00f6rbund &#8211; SVERAK<\/h3>\n<p>SVERAK \u00e4r en ideell f\u00f6rening och en central organisation av inom Sverige anslutna kattklubbar som arbetar med katter i fokus. De har p\u00e5 sin hemsida sammanst\u00e4llt mycket bra information om att k\u00f6pa, \u00e4ga och ta hand om en katt. Du hittar hemsidan <a href=\"https:\/\/www.sverak.se\">h\u00e4r<\/a>.<\/p>\n<p><a href=\"https:\/\/www.djurskyddet.se\/vilsnatassar\/wp-content\/uploads\/sites\/23\/2018\/09\/Kattunge.jpg\"><img loading=\"lazy\" decoding=\"async\" class=\"aligncenter size-full wp-image-5588\" src=\"https:\/\/www.djurskyddet.se\/vilsnatassar\/wp-content\/uploads\/sites\/23\/2018\/09\/Kattunge.jpg\" alt=\"\" width=\"500\" height=\"314\" srcset=\"https:\/\/www.djurskyddet.se\/vilsnatassar\/wp-content\/uploads\/sites\/23\/2018\/09\/Kattunge.jpg 500w, https:\/\/www.djurskyddet.se\/vilsnatassar\/wp-content\/uploads\/sites\/23\/2018\/09\/Kattunge-300x188.jpg 300w, https:\/\/www.djurskyddet.se\/vilsnatassar\/wp-content\/uploads\/sites\/23\/2018\/09\/Kattunge-400x251.jpg 400w\" sizes=\"auto, (max-width: 500px) 100vw, 500px\" \/><\/a><\/p>\n\n\n<p><\/p>\n","protected":false},"excerpt":{"rendered":"<p>Nedan har vi sammanst\u00e4llt lite tips och r\u00e5d f\u00f6r dig med katt.\u00a0 Hittar du inte vad du s\u00f6ker? Kontakta oss! Id-m\u00e4rkning &#8211; varf\u00f6r? Att ID-m\u00e4rka din katt \u00e4r viktigt om katten av n\u00e5gon orsak skulle komma bort. Att ID-m\u00e4rka katten g\u00f6r ocks\u00e5 att antalet heml\u00f6sa katter minskar, f\u00f6r som \u00e4gare \u00e4r du ansvarig att ta hand om katten. Har katten ingen ID-m\u00e4rkning \u00e4r det sv\u00e5rt att finns en \u00e4gare.\u00a0Det \u00e4r&hellip;<\/p>\n<p><a class=\"more-link\" href=\"https:\/\/www.djurskyddet.se\/vilsnatassar\/tips-rad\/\" title=\"Continue reading &lsquo;Tips &amp; R\u00e5d&rsquo;\">L&auml;s mer<span class=\"meta-nav\">&raquo;<\/span><\/a><\/p>\n","protected":false},"author":3,"featured_media":0,"parent":0,"menu_order":0,"comment_status":"closed","ping_status":"closed","template":"page-templates\/left-sidebar.php","meta":{"_acf_changed":false,"footnotes":""},"class_list":["post-5510","page","type-page","status-publish","hentry"],"acf":[],"_links":{"self":[{"href":"https:\/\/www.djurskyddet.se\/vilsnatassar\/wp-json\/wp\/v2\/pages\/5510","targetHints":{"allow":["GET"]}}],"collection":[{"href":"https:\/\/www.djurskyddet.se\/vilsnatassar\/wp-json\/wp\/v2\/pages"}],"about":[{"href":"https:\/\/www.djurskyddet.se\/vilsnatassar\/wp-json\/wp\/v2\/types\/page"}],"author":[{"embeddable":true,"href":"https:\/\/www.djurskyddet.se\/vilsnatassar\/wp-json\/wp\/v2\/users\/3"}],"replies":[{"embeddable":true,"href":"https:\/\/www.djurskyddet.se\/vilsnatassar\/wp-json\/wp\/v2\/comments?post=5510"}],"version-history":[{"count":9,"href":"https:\/\/www.djurskyddet.se\/vilsnatassar\/wp-json\/wp\/v2\/pages\/5510\/revisions"}],"predecessor-version":[{"id":6506,"href":"https:\/\/www.djurskyddet.se\/vilsnatassar\/wp-json\/wp\/v2\/pages\/5510\/revisions\/6506"}],"wp:attachment":[{"href":"https:\/\/www.djurskyddet.se\/vilsnatassar\/wp-json\/wp\/v2\/media?parent=5510"}],"curies":[{"name":"wp","href":"https:\/\/api.w.org\/{rel}","templated":true}]}}