{"id":6714,"date":"2024-08-13T16:45:00","date_gmt":"2024-08-13T16:45:00","guid":{"rendered":"https:\/\/www.djurskyddet.se\/vilsnatassar\/?page_id=6714"},"modified":"2024-08-13T16:54:12","modified_gmt":"2024-08-13T16:54:12","slug":"volontar","status":"publish","type":"page","link":"https:\/\/www.djurskyddet.se\/vilsnatassar\/stod-oss\/volontar\/","title":{"rendered":"Volont\u00e4r"},"content":{"rendered":"\n<p>Att vara volont\u00e4r inom f\u00f6reningen inneb\u00e4r att du ideellt hj\u00e4lper verksamheten. Som tack f\u00f6r din tid f\u00e5r du vara del av ett h\u00e4rligt g\u00e4ng volont\u00e4rer som arbetar p\u00e5 uppdrag fr\u00e5n styrelsen med olika uppgifter. Vi erbjuder \u00e4ven volont\u00e4rer aktiviteter n\u00e5gon eller n\u00e5gra g\u00e5nger per \u00e5r som tack f\u00f6r sitt st\u00f6d.  N\u00e4r du b\u00f6rjar som volont\u00e4r hos f\u00f6reningen f\u00e5r du information om rutiner och arbetet samt m\u00f6jlighet att f\u00f6lja med p\u00e5 uppdrag innan du beh\u00f6ver g\u00f6ra det p\u00e5 egen hand. <\/p>\n\n\n\n<p><strong>Volont\u00e4r p\u00e5 katthemmet<\/strong><br>Att vara volont\u00e4r p\u00e5 katthemmet inneb\u00e4r att du \u00e5tar dig att minst tv\u00e5 g\u00e5nger per m\u00e5nad hj\u00e4lpa till p\u00e5 katthemmet i Grythyttan. Arbetsuppgifterna innefattar att reng\u00f6ra l\u00e5dor, byta mat och vatten, st\u00e4da burar och allm\u00e4nna utrymmen, ta hand om tv\u00e4tt samt socialisera katterna som finns p\u00e5 katthemmet. Vissa katter har haft en tuff start och kan d\u00e4rf\u00f6r vara blyga mot m\u00e4nniskor. Det \u00e4r d\u00e4rf\u00f6r viktigt att l\u00e5ta djuret s\u00f6ka kontakt p\u00e5 sitt vis och i sin takt. <\/p>\n\n\n\n<p><strong>Transport\u00f6r<\/strong><br>Att vara transport\u00f6r f\u00f6r f\u00f6reningen inneb\u00e4r att du \u00e4r behj\u00e4lplig med att k\u00f6ra katter till veterin\u00e4r, l\u00e4mna material till jourhem eller andra uppgifter som inneb\u00e4r bilk\u00f6rning inom verksamheten. F\u00f6r denna uppgift beh\u00f6ver du k\u00f6rkort och tillg\u00e5ng till egen bil, f\u00f6reningen st\u00e5r f\u00f6r resekostnader om du sj\u00e4lv \u00f6nskar det. <\/p>\n\n\n\n<p><strong>Kontaktperson<\/strong><br>Att vara kontaktperson inom f\u00f6reningen inneb\u00e4r att du ansvarar f\u00f6r kontakt med specifika jourhem. Du ansvarar d\u00e5 \u00e4ven f\u00f6r att katterna i jourhemmet f\u00e5r tider bokade hos veterin\u00e4r och ansvarar f\u00f6r att fylla i katternas journaler. Uppdraget f\u00f6ruts\u00e4tter att du har kontakt med individerna som \u00e4r jourhem och att du ser till att katterna i jourhemmet m\u00e5r bra och f\u00e5r det dom beh\u00f6ver. <\/p>\n\n\n\n<p>\u00c4r du intresserad av att bli volont\u00e4r hos oss? Fyll i formul\u00e4ret nedan s\u00e5 tar vi kontakt med dig s\u00e5 snart vi kan.<\/p>\n\n\n\n<div class=\"wpcf7 no-js\" id=\"wpcf7-f6716-o1\" lang=\"sv-SE\" dir=\"ltr\" data-wpcf7-id=\"6716\">\n<div class=\"screen-reader-response\"><p role=\"status\" aria-live=\"polite\" aria-atomic=\"true\"><\/p> <ul><\/ul><\/div>\n<form action=\"\/vilsnatassar\/wp-json\/wp\/v2\/pages\/6714#wpcf7-f6716-o1\" method=\"post\" class=\"wpcf7-form init\" aria-label=\"Kontaktformul\u00e4r\" novalidate=\"novalidate\" data-status=\"init\">\n<fieldset class=\"hidden-fields-container\"><input type=\"hidden\" name=\"_wpcf7\" value=\"6716\" \/><input type=\"hidden\" name=\"_wpcf7_version\" value=\"6.1\" \/><input type=\"hidden\" name=\"_wpcf7_locale\" value=\"sv_SE\" \/><input type=\"hidden\" name=\"_wpcf7_unit_tag\" value=\"wpcf7-f6716-o1\" \/><input type=\"hidden\" name=\"_wpcf7_container_post\" value=\"0\" \/><input type=\"hidden\" name=\"_wpcf7_posted_data_hash\" value=\"\" \/><input type=\"hidden\" name=\"_wpcf7_recaptcha_response\" value=\"\" \/>\n<\/fieldset>\n<div class=\"uacf7-form-wrapper-container uacf7-form-6716  \"><label> Ditt namn*\n    <span class=\"wpcf7-form-control-wrap\" data-name=\"namn\"><input size=\"40\" maxlength=\"400\" class=\"wpcf7-form-control wpcf7-text wpcf7-validates-as-required\" aria-required=\"true\" aria-invalid=\"false\" value=\"\" type=\"text\" name=\"namn\" \/><\/span> <\/label>\n\n<label> Personnummer*\n<span class=\"wpcf7-form-control-wrap\" data-name=\"personnummer\"><input class=\"wpcf7-form-control wpcf7-number wpcf7-validates-as-required wpcf7-validates-as-number\" aria-required=\"true\" aria-invalid=\"false\" placeholder=\"\u00e5\u00e5\u00e5\u00e5mmdd-xxxx\" value=\"\" type=\"number\" name=\"personnummer\" \/><\/span> <\/label>\n\n<label> Boende ort*\n    <span class=\"wpcf7-form-control-wrap\" data-name=\"ort\"><input size=\"40\" maxlength=\"400\" class=\"wpcf7-form-control wpcf7-text wpcf7-validates-as-required\" aria-required=\"true\" aria-invalid=\"false\" value=\"\" type=\"text\" name=\"ort\" \/><\/span> <\/label>\n\n<label> Vilket uppdrag \u00e4r du intresserad av?*\n    <span class=\"wpcf7-form-control-wrap\" data-name=\"uppdrag\"><input size=\"40\" maxlength=\"400\" class=\"wpcf7-form-control wpcf7-text wpcf7-validates-as-required\" aria-required=\"true\" aria-invalid=\"false\" value=\"\" type=\"text\" name=\"uppdrag\" \/><\/span> <\/label>\n\n<label>Information om erfarenhet av djur\n<span class=\"wpcf7-form-control-wrap\" data-name=\"tidigare-erfarenhet-djur\"><input size=\"40\" maxlength=\"400\" class=\"wpcf7-form-control wpcf7-text\" aria-invalid=\"false\" value=\"\" type=\"text\" name=\"tidigare-erfarenhet-djur\" \/><\/span><\/label>\n\n\n<label>Epostadress*\n    <span class=\"wpcf7-form-control-wrap\" data-name=\"epostadress\"><input size=\"40\" maxlength=\"400\" class=\"wpcf7-form-control wpcf7-email wpcf7-validates-as-required wpcf7-text wpcf7-validates-as-email\" aria-required=\"true\" aria-invalid=\"false\" value=\"\" type=\"email\" name=\"epostadress\" \/><\/span> <\/label>\n\n<label> Telefonnummer\n    <span class=\"wpcf7-form-control-wrap\" data-name=\"telefonnummer\"><input class=\"wpcf7-form-control wpcf7-number wpcf7-validates-as-number\" aria-invalid=\"false\" value=\"\" type=\"number\" name=\"telefonnummer\" \/><\/span> <\/label>\n\n<label> Eventuellt \u00f6vrigt meddelande\n    <span class=\"wpcf7-form-control-wrap\" data-name=\"meddelande\"><input size=\"40\" maxlength=\"400\" class=\"wpcf7-form-control wpcf7-text\" aria-invalid=\"false\" value=\"\" type=\"text\" name=\"meddelande\" \/><\/span> <\/label>\n\n*Obligatoriska f\u00e4lt.\n\n<input class=\"wpcf7-form-control wpcf7-submit has-spinner\" type=\"submit\" value=\"Skicka\" \/><\/div><div class=\"wpcf7-response-output\" aria-hidden=\"true\"><\/div>\n<\/form>\n<\/div>\n\n","protected":false},"excerpt":{"rendered":"<p>Att vara volont\u00e4r inom f\u00f6reningen inneb\u00e4r att du ideellt hj\u00e4lper verksamheten. Som tack f\u00f6r din tid f\u00e5r du vara del av ett h\u00e4rligt g\u00e4ng volont\u00e4rer som arbetar p\u00e5 uppdrag fr\u00e5n styrelsen med olika uppgifter. Vi erbjuder \u00e4ven volont\u00e4rer aktiviteter n\u00e5gon eller n\u00e5gra g\u00e5nger per \u00e5r som tack f\u00f6r sitt st\u00f6d. N\u00e4r du b\u00f6rjar som volont\u00e4r hos f\u00f6reningen f\u00e5r du information om rutiner och arbetet samt m\u00f6jlighet att f\u00f6lja med p\u00e5&hellip;<\/p>\n<p><a class=\"more-link\" href=\"https:\/\/www.djurskyddet.se\/vilsnatassar\/stod-oss\/volontar\/\" title=\"Continue reading &lsquo;Volont\u00e4r&rsquo;\">L&auml;s mer<span class=\"meta-nav\">&raquo;<\/span><\/a><\/p>\n","protected":false},"author":20,"featured_media":0,"parent":5506,"menu_order":0,"comment_status":"closed","ping_status":"closed","template":"","meta":{"_acf_changed":false,"footnotes":""},"class_list":["post-6714","page","type-page","status-publish","hentry"],"acf":[],"_links":{"self":[{"href":"https:\/\/www.djurskyddet.se\/vilsnatassar\/wp-json\/wp\/v2\/pages\/6714","targetHints":{"allow":["GET"]}}],"collection":[{"href":"https:\/\/www.djurskyddet.se\/vilsnatassar\/wp-json\/wp\/v2\/pages"}],"about":[{"href":"https:\/\/www.djurskyddet.se\/vilsnatassar\/wp-json\/wp\/v2\/types\/page"}],"author":[{"embeddable":true,"href":"https:\/\/www.djurskyddet.se\/vilsnatassar\/wp-json\/wp\/v2\/users\/20"}],"replies":[{"embeddable":true,"href":"https:\/\/www.djurskyddet.se\/vilsnatassar\/wp-json\/wp\/v2\/comments?post=6714"}],"version-history":[{"count":2,"href":"https:\/\/www.djurskyddet.se\/vilsnatassar\/wp-json\/wp\/v2\/pages\/6714\/revisions"}],"predecessor-version":[{"id":6717,"href":"https:\/\/www.djurskyddet.se\/vilsnatassar\/wp-json\/wp\/v2\/pages\/6714\/revisions\/6717"}],"up":[{"embeddable":true,"href":"https:\/\/www.djurskyddet.se\/vilsnatassar\/wp-json\/wp\/v2\/pages\/5506"}],"wp:attachment":[{"href":"https:\/\/www.djurskyddet.se\/vilsnatassar\/wp-json\/wp\/v2\/media?parent=6714"}],"curies":[{"name":"wp","href":"https:\/\/api.w.org\/{rel}","templated":true}]}}